{"id":79,"date":"2020-02-05T19:35:19","date_gmt":"2020-02-05T22:35:19","guid":{"rendered":"http:\/\/acrj2020.profissional.ws\/?page_id=79"},"modified":"2025-11-13T13:06:35","modified_gmt":"2025-11-13T16:06:35","slug":"conhecendo_a_acrj","status":"publish","type":"page","link":"https:\/\/acrj.org.br\/index.php\/conhecendo_a_acrj\/","title":{"rendered":"conhecendo a acrj"},"content":{"rendered":"\t\t<div data-elementor-type=\"wp-page\" data-elementor-id=\"79\" class=\"elementor elementor-79\" data-elementor-post-type=\"page\">\n\t\t\t\t\t\t<section class=\"elementor-section elementor-top-section elementor-element elementor-element-5e20790 elementor-section-stretched elementor-section-boxed elementor-section-height-default elementor-section-height-default\" data-id=\"5e20790\" data-element_type=\"section\" data-e-type=\"section\" data-settings=\"{&quot;stretch_section&quot;:&quot;section-stretched&quot;,&quot;background_background&quot;:&quot;classic&quot;}\">\n\t\t\t\t\t\t<div class=\"elementor-container elementor-column-gap-no\">\n\t\t\t\t\t<div class=\"elementor-column elementor-col-100 elementor-top-column elementor-element elementor-element-8d3254f\" data-id=\"8d3254f\" data-element_type=\"column\" data-e-type=\"column\">\n\t\t\t<div class=\"elementor-widget-wrap elementor-element-populated\">\n\t\t\t\t\t\t<div class=\"elementor-element elementor-element-b7801ec elementor-widget elementor-widget-spacer\" data-id=\"b7801ec\" data-element_type=\"widget\" data-e-type=\"widget\" data-widget_type=\"spacer.default\">\n\t\t\t\t<div class=\"elementor-widget-container\">\n\t\t\t\t\t\t\t<div class=\"elementor-spacer\">\n\t\t\t<div class=\"elementor-spacer-inner\"><\/div>\n\t\t<\/div>\n\t\t\t\t\t\t<\/div>\n\t\t\t\t<\/div>\n\t\t\t\t<div class=\"elementor-element elementor-element-b1b57d1 elementor-widget elementor-widget-text-editor\" data-id=\"b1b57d1\" data-element_type=\"widget\" data-e-type=\"widget\" data-widget_type=\"text-editor.default\">\n\t\t\t\t<div class=\"elementor-widget-container\">\n\t\t\t\t\t\t\t\t\tconhecendo a acrj\t\t\t\t\t\t\t\t<\/div>\n\t\t\t\t<\/div>\n\t\t\t\t<div class=\"elementor-element elementor-element-fa2d85f elementor-widget elementor-widget-spacer\" data-id=\"fa2d85f\" data-element_type=\"widget\" data-e-type=\"widget\" data-widget_type=\"spacer.default\">\n\t\t\t\t<div class=\"elementor-widget-container\">\n\t\t\t\t\t\t\t<div class=\"elementor-spacer\">\n\t\t\t<div class=\"elementor-spacer-inner\"><\/div>\n\t\t<\/div>\n\t\t\t\t\t\t<\/div>\n\t\t\t\t<\/div>\n\t\t\t\t\t<\/div>\n\t\t<\/div>\n\t\t\t\t\t<\/div>\n\t\t<\/section>\n\t\t\t\t<section class=\"elementor-section elementor-top-section elementor-element elementor-element-cebf3db elementor-section-boxed elementor-section-height-default elementor-section-height-default\" data-id=\"cebf3db\" data-element_type=\"section\" data-e-type=\"section\">\n\t\t\t\t\t\t<div class=\"elementor-container elementor-column-gap-default\">\n\t\t\t\t\t<div class=\"elementor-column elementor-col-100 elementor-top-column elementor-element elementor-element-87396d3\" data-id=\"87396d3\" data-element_type=\"column\" data-e-type=\"column\">\n\t\t\t<div class=\"elementor-widget-wrap elementor-element-populated\">\n\t\t\t\t\t\t<div class=\"elementor-element elementor-element-5ec4a64 elementor-widget elementor-widget-spacer\" data-id=\"5ec4a64\" data-element_type=\"widget\" data-e-type=\"widget\" data-widget_type=\"spacer.default\">\n\t\t\t\t<div class=\"elementor-widget-container\">\n\t\t\t\t\t\t\t<div class=\"elementor-spacer\">\n\t\t\t<div class=\"elementor-spacer-inner\"><\/div>\n\t\t<\/div>\n\t\t\t\t\t\t<\/div>\n\t\t\t\t<\/div>\n\t\t\t\t<div class=\"elementor-element elementor-element-57eea63 elementor-widget elementor-widget-heading\" data-id=\"57eea63\" data-element_type=\"widget\" data-e-type=\"widget\" data-widget_type=\"heading.default\">\n\t\t\t\t<div class=\"elementor-widget-container\">\n\t\t\t\t\t<h2 class=\"elementor-heading-title elementor-size-default\">Associa\u00e7\u00e3o Comercial do Rio de Janeiro <\/h2>\t\t\t\t<\/div>\n\t\t\t\t<\/div>\n\t\t\t\t\t<\/div>\n\t\t<\/div>\n\t\t\t\t\t<\/div>\n\t\t<\/section>\n\t\t\t\t<section class=\"elementor-section elementor-top-section elementor-element elementor-element-d14bfe9 elementor-section-boxed elementor-section-height-default elementor-section-height-default\" data-id=\"d14bfe9\" data-element_type=\"section\" data-e-type=\"section\">\n\t\t\t\t\t\t<div class=\"elementor-container elementor-column-gap-default\">\n\t\t\t\t\t<div class=\"elementor-column elementor-col-50 elementor-top-column elementor-element elementor-element-c8099fa\" data-id=\"c8099fa\" data-element_type=\"column\" data-e-type=\"column\">\n\t\t\t<div class=\"elementor-widget-wrap elementor-element-populated\">\n\t\t\t\t\t\t<div class=\"elementor-element elementor-element-cf828fa elementor-widget elementor-widget-text-editor\" data-id=\"cf828fa\" data-element_type=\"widget\" data-e-type=\"widget\" data-widget_type=\"text-editor.default\">\n\t\t\t\t<div class=\"elementor-widget-container\">\n\t\t\t\t\t\t\t\t\t<div class=\"tcol tcol50 tosmart\"><p>A Associa\u00e7\u00e3o Comercial do Rio de Janeiro (ACRJ) foi criada em 15 de julho de 1809. \u00d3rg\u00e3o t\u00e9cnico e consultivo do Governo Federal, de acordo com o Decreto Federal n.\u00ba 6348 de 26\/09\/1940, assinado pelo ent\u00e3o presidente Get\u00falio Vargas.\u00a0 \u00c9 tamb\u00e9m reconhecida como Entidade de Utilidade P\u00fablica Estadual (Lei n\u00ba 4.361 de 24\/06\/2004) e Municipal (Lei n\u00ba 5.242 de 17\/01\/2011) do Rio de Janeiro.\u00a0<\/p><\/div>\t\t\t\t\t\t\t\t<\/div>\n\t\t\t\t<\/div>\n\t\t\t\t\t<\/div>\n\t\t<\/div>\n\t\t\t\t<div class=\"elementor-column elementor-col-50 elementor-top-column elementor-element elementor-element-e335c9c\" data-id=\"e335c9c\" data-element_type=\"column\" data-e-type=\"column\">\n\t\t\t<div class=\"elementor-widget-wrap elementor-element-populated\">\n\t\t\t\t\t\t\t<\/div>\n\t\t<\/div>\n\t\t\t\t\t<\/div>\n\t\t<\/section>\n\t\t\t\t<section class=\"elementor-section elementor-top-section elementor-element elementor-element-0320c92 elementor-section-boxed elementor-section-height-default elementor-section-height-default\" data-id=\"0320c92\" data-element_type=\"section\" data-e-type=\"section\">\n\t\t\t\t\t\t<div class=\"elementor-container elementor-column-gap-default\">\n\t\t\t\t\t<div class=\"elementor-column elementor-col-100 elementor-top-column elementor-element elementor-element-9c2cca3\" data-id=\"9c2cca3\" data-element_type=\"column\" data-e-type=\"column\">\n\t\t\t<div class=\"elementor-widget-wrap elementor-element-populated\">\n\t\t\t\t\t\t<div class=\"elementor-element elementor-element-b2fd185 elementor-widget elementor-widget-toggle\" data-id=\"b2fd185\" data-element_type=\"widget\" data-e-type=\"widget\" data-widget_type=\"toggle.default\">\n\t\t\t\t<div class=\"elementor-widget-container\">\n\t\t\t\t\t\t\t<div class=\"elementor-toggle\">\n\t\t\t\t\t\t\t<div class=\"elementor-toggle-item\">\n\t\t\t\t\t<div id=\"elementor-tab-title-1871\" class=\"elementor-tab-title\" data-tab=\"1\" role=\"button\" aria-controls=\"elementor-tab-content-1871\" aria-expanded=\"false\">\n\t\t\t\t\t\t\t\t\t\t\t\t<span class=\"elementor-toggle-icon elementor-toggle-icon-left\" aria-hidden=\"true\">\n\t\t\t\t\t\t\t\t\t\t\t\t\t\t\t<span class=\"elementor-toggle-icon-closed\"><i class=\"fas fa-caret-right\"><\/i><\/span>\n\t\t\t\t\t\t\t\t<span class=\"elementor-toggle-icon-opened\"><i class=\"elementor-toggle-icon-opened fas fa-caret-up\"><\/i><\/span>\n\t\t\t\t\t\t\t\t\t\t\t\t\t<\/span>\n\t\t\t\t\t\t\t\t\t\t\t\t<a class=\"elementor-toggle-title\" tabindex=\"0\">Hist\u00f3ria<\/a>\n\t\t\t\t\t<\/div>\n\n\t\t\t\t\t<div id=\"elementor-tab-content-1871\" class=\"elementor-tab-content elementor-clearfix\" data-tab=\"1\" role=\"region\" aria-labelledby=\"elementor-tab-title-1871\"><p>A Associa\u00e7\u00e3o Comercial do Rio de Janeiro (ACRJ) teve seu alvar\u00e1 datado de 15 de julho de 1809, que determinava a constru\u00e7\u00e3o de uma Pra\u00e7a do Com\u00e9rcio, que reunia um importante n\u00facleo de comerciantes no Rio de Janeiro na \u00e9poca, chamado de \u201cCorpo do Com\u00e9rcio\u201d. Apesar desta legitima\u00e7\u00e3o, as obras de constru\u00e7\u00e3o da Pra\u00e7a s\u00f3 teriam in\u00edcio em outubro de 1819. A inaugura\u00e7\u00e3o oficial se deu em 14 de Julho de 1820 e contou com a presen\u00e7a de D. Jo\u00e3o VI.<\/p><p>No ano seguinte \u00e0 funda\u00e7\u00e3o da Pra\u00e7a do Com\u00e9rcio, devido ao advento da Revolu\u00e7\u00e3o Liberal em Portugal, a sede do Corpo do Com\u00e9rcio foi escolhida para dar lugar \u00e0s elei\u00e7\u00f5es dos deputados, que representariam o Brasil nas Cortes portuguesas. A sess\u00e3o eleitoral resultou em um conflito violento entre aqueles que dela participavam e as tropas imperiais.<\/p><p>Com isso, os negociantes da capital resolveram repudiar as a\u00e7\u00f5es de viol\u00eancia ocorridas em sua sede, fechando-a. Durante os anos seguintes, este grupo passou a se reunir nas esquinas da Rua Direita (atual Rua Primeiro de Mar\u00e7o) para tratar de seus neg\u00f3cios. Treze anos depois do fechamento de sua primeira sede, o Corpo do Com\u00e9rcio inicia a constru\u00e7\u00e3o de uma segunda Pra\u00e7a.<\/p><p>A partir de 9 de Setembro de 1834, este agrupamento de comerciantes passaria a denominar-se Sociedade dos Assinantes da Pra\u00e7a. Durante a administra\u00e7\u00e3o de Jos\u00e9 Joaquim de Lima e Silva Sobrinho, Visconde de Tocantins, a mais longa da hist\u00f3ria da entidade (1861-1884), a Sociedade dos Assinantes da Pra\u00e7a passou a se chamar Associa\u00e7\u00e3o Comercial do Rio de Janeiro (ACRJ) em 11 de dezembro de 1867.<\/p><p>O atual edif\u00edcio-sede da ACRJ, chamado de Pal\u00e1cio do Com\u00e9rcio, localizado na Rua Candel\u00e1ria 9, no Centro do Rio de Janeiro, foi inaugurado em 23 de maio de 1940, com a presen\u00e7a, entre outras autoridades, do Presidente Get\u00falio Vargas, do Prefeito do Distrito Federal, Henrique Dodsworth, e do Cardeal Arcebispo do Rio de Janeiro, Dom Sebasti\u00e3o Leme.<\/p><p>A Associa\u00e7\u00e3o tamb\u00e9m \u00e9 conhecida como Casa de Mau\u00e1, em homenagem ao seu terceiro presidente, Irineu Evangelista de Sousa. Devido ao seu tino comercial, Irineu Evangelista foi aclamado o maior empres\u00e1rio do Segundo Imp\u00e9rio no Brasil. <a href=\"https:\/\/acrj.org.br\/wp-content\/uploads\/2024\/08\/Sobre-o-Visconde-de-Maua.pdf\"><strong>Saiba mais aqui<\/strong><\/a><\/p><p><img fetchpriority=\"high\" decoding=\"async\" class=\"wp-image-15822 size-large aligncenter\" src=\"https:\/\/acrj.org.br\/wp-content\/uploads\/2023\/04\/sobre-maua-1024x615.jpg\" alt=\"\" width=\"843\" height=\"506\" srcset=\"https:\/\/acrj.org.br\/wp-content\/uploads\/2023\/04\/sobre-maua-1024x615.jpg 1024w, https:\/\/acrj.org.br\/wp-content\/uploads\/2023\/04\/sobre-maua-600x360.jpg 600w, https:\/\/acrj.org.br\/wp-content\/uploads\/2023\/04\/sobre-maua-300x180.jpg 300w, https:\/\/acrj.org.br\/wp-content\/uploads\/2023\/04\/sobre-maua-768x461.jpg 768w, https:\/\/acrj.org.br\/wp-content\/uploads\/2023\/04\/sobre-maua.jpg 1320w\" sizes=\"(max-width: 843px) 100vw, 843px\" \/><\/p><\/div>\n\t\t\t\t<\/div>\n\t\t\t\t\t\t\t<div class=\"elementor-toggle-item\">\n\t\t\t\t\t<div id=\"elementor-tab-title-1872\" class=\"elementor-tab-title\" data-tab=\"2\" role=\"button\" aria-controls=\"elementor-tab-content-1872\" aria-expanded=\"false\">\n\t\t\t\t\t\t\t\t\t\t\t\t<span class=\"elementor-toggle-icon elementor-toggle-icon-left\" aria-hidden=\"true\">\n\t\t\t\t\t\t\t\t\t\t\t\t\t\t\t<span class=\"elementor-toggle-icon-closed\"><i class=\"fas fa-caret-right\"><\/i><\/span>\n\t\t\t\t\t\t\t\t<span class=\"elementor-toggle-icon-opened\"><i class=\"elementor-toggle-icon-opened fas fa-caret-up\"><\/i><\/span>\n\t\t\t\t\t\t\t\t\t\t\t\t\t<\/span>\n\t\t\t\t\t\t\t\t\t\t\t\t<a class=\"elementor-toggle-title\" tabindex=\"0\">Estrutura<\/a>\n\t\t\t\t\t<\/div>\n\n\t\t\t\t\t<div id=\"elementor-tab-content-1872\" class=\"elementor-tab-content elementor-clearfix\" data-tab=\"2\" role=\"region\" aria-labelledby=\"elementor-tab-title-1872\"><p>A ACRJ \u00e9 composta pelos seguintes \u00f3rg\u00e3os: Assembleia Geral, Conselho Superior, Conselho Diretor,\u00a0 Conselho Fiscal, Diretoria Administrativa, Diretores Convocados e S\u00f3cio Honor\u00e1rio.<\/p><p>Tamb\u00e9m re\u00fane 25 Conselhos Empresariais dedicados ao planejamento de a\u00e7\u00f5es para o desenvolvimento sustent\u00e1vel da economia da cidade e do estado do Rio de Janeiro. Confira os temas<\/p><ul><li>Assuntos Jur\u00eddicos e Estrat\u00e9gicos<\/li><li>Comunidades, Novos Neg\u00f3cios e Economia Solid\u00e1ria<\/li><li>Cultura<\/li><li>Desenvolvimento do Mercado de Capitais<\/li><li>Ecossistema da Longevidade<\/li><li>Ecossistema da Sa\u00fade<\/li><li>Ecossistema do Turismo<\/li><li>Educa\u00e7\u00e3o<\/li><li>Energia e Transi\u00e7\u00e3o Energ\u00e9tica<\/li><li>Esporte, Lazer\u00a0 e Desenvolvimento Social<\/li><li>Gest\u00e3o de Recursos Humanos e<\/li><li>Desenvolvimento Organizacional<\/li><li>Governan\u00e7a, Compliance e Diversidade<\/li><li>Habita\u00e7\u00e3o e Desenvolvimento Urbano<\/li><li>Inova\u00e7\u00e3o, Transforma\u00e7\u00e3o Digital e Tecnologia<\/li><li>Jovens Empreendedores<\/li><li>Log\u00edstica e Transporte<\/li><li>Meio Ambiente e Sustentabilidade<\/li><li>Micro e Pequenas Empresas<\/li><li>Mulher<\/li><li>Parque da Orla<\/li><li>Pol\u00edticas Econ\u00f4micas<\/li><li>Rela\u00e7\u00f5es Internacionais e Com\u00e9rcio Exterior<\/li><li>Renova\u00e7\u00e3o do Centro do Rio<\/li><li>Seguran\u00e7a e Ordem P\u00fablica<\/li><li>Varejo<\/li><\/ul><\/div>\n\t\t\t\t<\/div>\n\t\t\t\t\t\t\t<div class=\"elementor-toggle-item\">\n\t\t\t\t\t<div id=\"elementor-tab-title-1873\" class=\"elementor-tab-title\" data-tab=\"3\" role=\"button\" aria-controls=\"elementor-tab-content-1873\" aria-expanded=\"false\">\n\t\t\t\t\t\t\t\t\t\t\t\t<span class=\"elementor-toggle-icon elementor-toggle-icon-left\" aria-hidden=\"true\">\n\t\t\t\t\t\t\t\t\t\t\t\t\t\t\t<span class=\"elementor-toggle-icon-closed\"><i class=\"fas fa-caret-right\"><\/i><\/span>\n\t\t\t\t\t\t\t\t<span class=\"elementor-toggle-icon-opened\"><i class=\"elementor-toggle-icon-opened fas fa-caret-up\"><\/i><\/span>\n\t\t\t\t\t\t\t\t\t\t\t\t\t<\/span>\n\t\t\t\t\t\t\t\t\t\t\t\t<a class=\"elementor-toggle-title\" tabindex=\"0\">Presidentes<\/a>\n\t\t\t\t\t<\/div>\n\n\t\t\t\t\t<div id=\"elementor-tab-content-1873\" class=\"elementor-tab-content elementor-clearfix\" data-tab=\"3\" role=\"region\" aria-labelledby=\"elementor-tab-title-1873\"><p>1\u00ba Felipe Nery de Carvalho (1834-1840)<\/p><p>2\u00ba Ign\u00e1cio de Ratton (1840-1846)<\/p><p>3\u00ba Irineu Evangelista de Sousa &#8211; Bar\u00e3o de Mau\u00e1 (1846-1848)<\/p><p>4\u00ba Milit\u00e3o M\u00e1ximo de Souza &#8211; Bar\u00e3o do Andara\u00ed (1848-1849)<\/p><p>5\u00ba C\u00e2ndido Rodrigues Ferreira (1849-1850)<\/p><p>6\u00ba Te\u00f3filo Benedito Otoni (1850-1854)<\/p><p>7\u00ba Joaquim Jos\u00e9 dos Santos Junior (1854-1856)<\/p><p>8\u00ba Jo\u00e3o Coelho Gomes Filho (1856-1857)<\/p><p>9\u00ba Milit\u00e3o M\u00e1ximo de Souza &#8211; Bar\u00e3o do Andara\u00ed (1857-1858)<\/p><p>10\u00ba Jo\u00e3o Baptista Viana Drumond &#8211; Bar\u00e3o de Drumond (1858-1859)<\/p><p>11\u00ba Jo\u00e3o Machado Coelho (1859-1860)<\/p><p>12\u00ba Jer\u00f4nimo Jos\u00e9 Mesquita &#8211; Bar\u00e3o de Mesquita (1860-1861)<\/p><p>13\u00ba Jos\u00e9 Joaquim de Lima e Silva Sobrinho &#8211; Visconde de Tocantins (1861-1884) &#8211; <em>\u00daltimo presidente da Pra\u00e7a do Com\u00e9rcio<\/em><em> e o 1\u00ba da ACRJ<\/em><\/p><p>14\u00ba Jos\u00e9 Mendes de Oliveira Castro &#8211; Bar\u00e3o de Oliveira e Castro (1884-1890)<\/p><p>15\u00ba Jacomo Nicolau de Vincenzi (1890-1891)<\/p><p>16\u00ba Hon\u00f3rio Augusto Ribeiro (1891-1900)<\/p><p>17\u00ba A. C. Chaves Faria (1900)<\/p><p>18\u00ba Francisco da Paz (1900-1902)<\/p><p>19\u00ba Bento Jos\u00e9 Leite (1902-1907)<\/p><p>20\u00ba Conde de Vilela (1907-1908)<\/p><p>21\u00ba Jos\u00e9 Carlos Rodrigues (1908-1909)<\/p><p>22\u00ba Leopoldo de Bulh\u00f5es (1909)<\/p><p>23\u00ba Joaquim Ign\u00e1cio Tosta (1909)<\/p><p>24\u00ba Joaquim da Costa Vianna Mendes (1909-1910)<\/p><p>25\u00ba Luiz Freitas Valle &#8211; Bar\u00e3o de Ibiraca\u00ed (1910-1916)<\/p><p>26\u00ba Jo\u00e3o Gon\u00e7alves Pereira Lima (1916-1917)<\/p><p>27\u00ba Francisco Eug\u00eanio Leal (1917-1919)<\/p><p>28\u00ba Jos\u00e9 Dias Tavares (1919-1920)<\/p><p>29\u00ba Ant\u00f4nio Augusto de Ara\u00fajo Franco (1920-1926)<\/p><p>30\u00ba Othon Leonardos (1926-1927)<\/p><p>31\u00ba Juvenal Murtinho Nobre (1927)<\/p><p>32\u00ba Alfredo Mayrink da Silva Franco (1927-1928)<\/p><p>33\u00ba Ant\u00f4nio Augusto de Ara\u00fajo Franco (1928-1929)<\/p><p>34\u00ba J. F. Ladeira de Viveiros (1929-1930)<\/p><p>35\u00ba Ernesto Pereira Carneiro &#8211; Conde Pereira Carneiro (1930)<\/p><p>36\u00ba Randolpho Chagas (1930)<\/p><p>37\u00ba Serafim Velandro (1930-1933)<\/p><p>38\u00ba Pedro Vivacqua (1933-1934)<\/p><p>39\u00ba Raul Mour\u00e3o de Araujo Maia (1934-1935)<\/p><p>40\u00ba Jos\u00e9 Lourdes de Araujo Maia (1935-1938)<\/p><p>41\u00ba Manoel Ferreira Guimar\u00e3es (1938-1942)<\/p><p>42\u00ba Jo\u00e3o Daudt d\u00b4Oliveira (1942-1951)<\/p><p>43\u00ba Carlos Alberto Brand\u00e3o Martins de Oliveira (1951-1955)<\/p><p>44\u00ba Rui Gomes de Almeida (1955-1959)<\/p><p>45\u00ba Jos\u00e9 Augusto Bezerra de Medeiros (1959-1961)<\/p><p>46\u00ba Rui Gomes de Almeida (1961-1965)<\/p><p>47\u00ba Ant\u00f4nio Carlos do Amaral Os\u00f3rio (1965-1969)<\/p><p>48\u00ba Rui Gomes de Almeida (1969-1971)<\/p><p>49\u00ba Raul G\u00f3es (1971-1975)<\/p><p>50\u00ba Pedro Le\u00e3o Velloso Wahmann (1975-1978) &#8211; Renunciou em 18\/05\/1978<\/p><p>51\u00ba Washington Telles da Silva Lobo (18\/05\/1978 \u00e0 22\/06\/1978)<\/p><p>52\u00ba Ruy Barreto (1978-1985)<\/p><p>53\u00ba Amaury Temporal (1985-1989)<\/p><p>54\u00ba Paulo Manoel Lenz Cesar Protasio (1989-1993)<\/p><p>55\u00ba Humberto Eust\u00e1quio Cesar Mota (1993-1997)<\/p><p>56\u00ba Arthur Ant\u00f4nio Sendas (1997-2001)<\/p><p>57\u00ba Marc\u00edlio Marques Moreira (2001-2005)<\/p><p>58\u00ba Olavo Egydio Monteiro de Carvalho (2005-2009)<\/p><p>59\u00ba Jos\u00e9 Luiz Alqu\u00e9res (2009-2011)<\/p><p>60\u00ba Antenor Barros Leal (2011-2015)<\/p><p>61\u00ba Paulo Manoel Lenz Cesar Protasio (2015-2017)<\/p><p>62\u00ba Angela Maria Machado da Costa (2017-2021)<\/p><p>63\u00ba Jos\u00e9 Antonio do Nascimento Brito (2021-2023) &#8211; R<span style=\"color: var( --e-global-color-text ); font-family: var( --e-global-typography-text-font-family ), Sans-serif; font-weight: var( --e-global-typography-text-font-weight );\">enunciou em 17\/05\/2023.\u00a0<\/span><span style=\"color: var( --e-global-color-text ); font-family: var( --e-global-typography-text-font-family ), Sans-serif; font-weight: var( --e-global-typography-text-font-weight );\">Daniel Corr\u00eaa Homem de Carvalho assumiu a presid\u00eancia a partir de 17\/05\/2023 at\u00e9 o final da gest\u00e3o.<\/span><\/p><p>64\u00ba Josier Marques Vilar (2023-2027)<\/p><\/div>\n\t\t\t\t<\/div>\n\t\t\t\t\t\t\t<div class=\"elementor-toggle-item\">\n\t\t\t\t\t<div id=\"elementor-tab-title-1874\" class=\"elementor-tab-title\" data-tab=\"4\" role=\"button\" aria-controls=\"elementor-tab-content-1874\" aria-expanded=\"false\">\n\t\t\t\t\t\t\t\t\t\t\t\t<span class=\"elementor-toggle-icon elementor-toggle-icon-left\" aria-hidden=\"true\">\n\t\t\t\t\t\t\t\t\t\t\t\t\t\t\t<span class=\"elementor-toggle-icon-closed\"><i class=\"fas fa-caret-right\"><\/i><\/span>\n\t\t\t\t\t\t\t\t<span class=\"elementor-toggle-icon-opened\"><i class=\"elementor-toggle-icon-opened fas fa-caret-up\"><\/i><\/span>\n\t\t\t\t\t\t\t\t\t\t\t\t\t<\/span>\n\t\t\t\t\t\t\t\t\t\t\t\t<a class=\"elementor-toggle-title\" tabindex=\"0\">Sedes<\/a>\n\t\t\t\t\t<\/div>\n\n\t\t\t\t\t<div id=\"elementor-tab-content-1874\" class=\"elementor-tab-content elementor-clearfix\" data-tab=\"4\" role=\"region\" aria-labelledby=\"elementor-tab-title-1874\"><p><strong>1\u00aa Sede<\/strong> &#8211; Constru\u00edda, pelo arquiteto franc\u00eas Grandjean de Montigny. Encomendada por Jo\u00e3o VI de Portugal em 1819 para a instala\u00e7\u00e3o da primeira Pra\u00e7a do Com\u00e9rcio da cidade, inaugurada em 1820, localizada na Rua Visconde de Itabora\u00ed, 78 &#8211; Centro, Rio de Janeiro. Atualmente \u00e9 o Centro Cultural Casa Fran\u00e7a-Brasil.<\/p><p><strong>2\u00aa Sede<\/strong> &#8211; A sede do Beco dos Adelos, a partir de 1834. Localizada na Rua do Mercado, atualmente conhecida como Travessa do Tinoco.<\/p><p><strong>3\u00aa Sede<\/strong> &#8211; A partir de 1890, a ACRJ funcionou no edif\u00edcio da Rua Primeiro de Mar\u00e7o n\u00ba 66.<\/p><p><strong>4\u00aa Sede<\/strong> &#8211; Tamb\u00e9m denominada de primeira sede provis\u00f3ria em 1922, foi no Pal\u00e1cio do Fio, localizado na Pra\u00e7a XV, mais tarde veio a abrigar o Museu da Imagem e do Som.<\/p><p><strong>5\u00aa Sede<\/strong> &#8211; A da Rua Candel\u00e1ria n\u00ba 9, onde a Associa\u00e7\u00e3o Comercial funcionou a partir de 1926 e que antes pertencia ao Banco do Brasil.<\/p><p><strong>6\u00aa Sede<\/strong> &#8211; A segunda sede provis\u00f3ria, nos escrit\u00f3rios do Jornal do Brasil, \u00e0 Avenida Rio Branco n\u00ba 110, a partir de 1935.<\/p><p><strong>7\u00aa Sede<\/strong> &#8211; A sede Definitiva, o Pal\u00e1cio do Com\u00e9rcio, constru\u00edda no terreno do antigo edif\u00edcio da Rua Candel\u00e1ria n\u00ba 9, inaugurada em 23 de maio de 1940.<\/p><p>A pedra fundamental do Pal\u00e1cio do Com\u00e9rcio foi institu\u00edda pelo Presidente da Rep\u00fablica Get\u00falio Vargas em 9 de setembro de 1937. A constru\u00e7\u00e3o foi feita pelos arquitetos franceses Henri Sanjous e Auguste Rendu.<\/p><p>Em 2000, o Pal\u00e1cio do Com\u00e9rcio foi decretado Patrim\u00f4nio Cultural da Cidade do Rio de Janeiro e faz parte do conjunto arquitet\u00f4nico tombado Art D\u00e9co. O edif\u00edcio de 15 andares e tr\u00eas terra\u00e7os, com panorama para a Ba\u00eda de Guanabara e para a Igreja da Candel\u00e1ria, possui tr\u00eas murais em baixo relevo, do escultor franc\u00eas A. Freyhoffer.<\/p><p>Dois murais est\u00e3o localizados no hall de entrada do edif\u00edcio, o primeiro e maior deles \u00e9 uma escultura de 12 metros de largura por sete metros de altura, em pedra Caen (Fran\u00e7a), com o tema \u201cAs Riquezas do Brasil\u201d, que retrata a economia brasileira. Os temas s\u00e3o extrativismo, as planta\u00e7\u00f5es, as diferentes atividades, a pesca e a pecu\u00e1ria, com o deus romano Merc\u00fario ao Centro.<\/p><p>O segundo, tamb\u00e9m no hall e em pedra de Caen, reproduz fielmente o bras\u00e3o da ACRJ. O terceiro fica no terra\u00e7o, tem 2,98 metros de largura por 3,47 metros de altura e \u00e9 uma escultura com o deus Merc\u00fario em destaque, acompanhado de duas musas \u2013 uma em cada lado.<\/p><p>De acordo com o Guia de Arquitetura Art D\u00e9co no Rio de Janeiro, da Prefeitura da Cidade, o pr\u00e9dio da ACRJ trata-se da mais expressiva obra de arquitetura, de ordem monumental, constru\u00edda no Rio de Janeiro de 1930 a 1940.<\/p><\/div>\n\t\t\t\t<\/div>\n\t\t\t\t\t\t\t<div class=\"elementor-toggle-item\">\n\t\t\t\t\t<div id=\"elementor-tab-title-1875\" class=\"elementor-tab-title\" data-tab=\"5\" role=\"button\" aria-controls=\"elementor-tab-content-1875\" aria-expanded=\"false\">\n\t\t\t\t\t\t\t\t\t\t\t\t<span class=\"elementor-toggle-icon elementor-toggle-icon-left\" aria-hidden=\"true\">\n\t\t\t\t\t\t\t\t\t\t\t\t\t\t\t<span class=\"elementor-toggle-icon-closed\"><i class=\"fas fa-caret-right\"><\/i><\/span>\n\t\t\t\t\t\t\t\t<span class=\"elementor-toggle-icon-opened\"><i class=\"elementor-toggle-icon-opened fas fa-caret-up\"><\/i><\/span>\n\t\t\t\t\t\t\t\t\t\t\t\t\t<\/span>\n\t\t\t\t\t\t\t\t\t\t\t\t<a class=\"elementor-toggle-title\" tabindex=\"0\">Refer\u00eancias<\/a>\n\t\t\t\t\t<\/div>\n\n\t\t\t\t\t<div id=\"elementor-tab-content-1875\" class=\"elementor-tab-content elementor-clearfix\" data-tab=\"5\" role=\"region\" aria-labelledby=\"elementor-tab-title-1875\"><p>ASSOCIA\u00c7\u00c3O COMERCIAL DO RIO DE JANEIRO. Pal\u00e1cio do Com\u00e9rcio: paredes que guardam hist\u00f3rias. <strong>Revista do Empres\u00e1rio<\/strong>, Rio de Janeiro, n. 1412, ano 72, p. 100-109, 2013.<\/p><p>ASSOCIA\u00c7\u00c3O COMERCIAL DO RIO DE JANEIRO. <strong>Quem somos<\/strong>. Rio de Janeiro: ACRJ. Dispon\u00edvel em: &lt;<a href=\"https:\/\/acrj.org.br\/index.php\/quem-somos\/\">https:\/\/acrj.org.br\/index.php\/quem-somos\/<\/a>&gt;. Acesso em: 19 ago. 2021.<\/p><p>CZAJKOWSKI, Jorge (Org.). Guia da arquitetura art d\u00e9co no Rio de Janeiro. Rio de Janeiro: Index, 1997. p.30.<\/p><p>MATHIAS, Herculano Gomes. Com\u00e9rcio. <strong>Com\u00e9rcio, 173 anos de desenvolvimento<\/strong>: hist\u00f3ria da Associa\u00e7\u00e3o Comercial do Rio de Janeiro (1820-1993). Rio de Janeiro: Express\u00e3o e Cultura, 1993. 370 p.<\/p><p>MOREIRA, Regina da Luz; FONTES, Paulo (Orgs.). <strong>A casa do empres\u00e1rio<\/strong>: trajet\u00f3ria da Associa\u00e7\u00e3o Comercial do Rio de Janeiro. Rio de Janeiro: CPDOC, 2009. 356 p.<\/p><\/div>\n\t\t\t\t<\/div>\n\t\t\t\t\t\t\t\t<\/div>\n\t\t\t\t\t\t<\/div>\n\t\t\t\t<\/div>\n\t\t\t\t\t<\/div>\n\t\t<\/div>\n\t\t\t\t\t<\/div>\n\t\t<\/section>\n\t\t\t\t<\/div>\n\t\t","protected":false},"excerpt":{"rendered":"<p>Associa\u00e7\u00e3o Comercial do Rio de Janeiro A Associa\u00e7\u00e3o Comercial do Rio de Janeiro (ACRJ) foi criada em 15 de julho de 1809. \u00d3rg\u00e3o t\u00e9cnico e&hellip;<\/p>\n","protected":false},"author":1,"featured_media":35858,"parent":0,"menu_order":0,"comment_status":"closed","ping_status":"closed","template":"","meta":{"_exactmetrics_skip_tracking":false,"_exactmetrics_sitenote_active":false,"_exactmetrics_sitenote_note":"","_exactmetrics_sitenote_category":0,"footnotes":""},"class_list":["post-79","page","type-page","status-publish","has-post-thumbnail","hentry"],"_links":{"self":[{"href":"https:\/\/acrj.org.br\/index.php\/wp-json\/wp\/v2\/pages\/79","targetHints":{"allow":["GET"]}}],"collection":[{"href":"https:\/\/acrj.org.br\/index.php\/wp-json\/wp\/v2\/pages"}],"about":[{"href":"https:\/\/acrj.org.br\/index.php\/wp-json\/wp\/v2\/types\/page"}],"author":[{"embeddable":true,"href":"https:\/\/acrj.org.br\/index.php\/wp-json\/wp\/v2\/users\/1"}],"replies":[{"embeddable":true,"href":"https:\/\/acrj.org.br\/index.php\/wp-json\/wp\/v2\/comments?post=79"}],"version-history":[{"count":0,"href":"https:\/\/acrj.org.br\/index.php\/wp-json\/wp\/v2\/pages\/79\/revisions"}],"wp:featuredmedia":[{"embeddable":true,"href":"https:\/\/acrj.org.br\/index.php\/wp-json\/wp\/v2\/media\/35858"}],"wp:attachment":[{"href":"https:\/\/acrj.org.br\/index.php\/wp-json\/wp\/v2\/media?parent=79"}],"curies":[{"name":"wp","href":"https:\/\/api.w.org\/{rel}","templated":true}]}}