{"id":37018,"date":"2025-06-30T11:23:55","date_gmt":"2025-06-30T14:23:55","guid":{"rendered":"https:\/\/acrj.org.br\/?page_id=37018"},"modified":"2025-06-30T11:32:43","modified_gmt":"2025-06-30T14:32:43","slug":"eventos_23","status":"publish","type":"page","link":"https:\/\/acrj.org.br\/index.php\/eventos_23\/","title":{"rendered":"Eventos_23"},"content":{"rendered":"\t\t<div data-elementor-type=\"wp-page\" data-elementor-id=\"37018\" class=\"elementor elementor-37018\" data-elementor-post-type=\"page\">\n\t\t\t\t\t\t<section class=\"elementor-section elementor-top-section elementor-element elementor-element-789f1b2 elementor-section-stretched elementor-section-boxed elementor-section-height-default elementor-section-height-default\" data-id=\"789f1b2\" data-element_type=\"section\" data-e-type=\"section\" data-settings=\"{&quot;stretch_section&quot;:&quot;section-stretched&quot;,&quot;background_background&quot;:&quot;classic&quot;}\">\n\t\t\t\t\t\t<div class=\"elementor-container elementor-column-gap-default\">\n\t\t\t\t\t<div class=\"elementor-column elementor-col-100 elementor-top-column elementor-element elementor-element-38421c7\" data-id=\"38421c7\" data-element_type=\"column\" data-e-type=\"column\">\n\t\t\t<div class=\"elementor-widget-wrap elementor-element-populated\">\n\t\t\t\t\t\t<div class=\"elementor-element elementor-element-8032751 elementor-nav-menu__align-center elementor-nav-menu--dropdown-tablet elementor-nav-menu__text-align-aside elementor-nav-menu--toggle elementor-nav-menu--burger elementor-widget elementor-widget-nav-menu\" data-id=\"8032751\" data-element_type=\"widget\" data-e-type=\"widget\" data-settings=\"{&quot;layout&quot;:&quot;horizontal&quot;,&quot;submenu_icon&quot;:{&quot;value&quot;:&quot;&lt;i class=\\&quot;fas fa-caret-down\\&quot; aria-hidden=\\&quot;true\\&quot;&gt;&lt;\\\/i&gt;&quot;,&quot;library&quot;:&quot;fa-solid&quot;},&quot;toggle&quot;:&quot;burger&quot;}\" data-widget_type=\"nav-menu.default\">\n\t\t\t\t<div class=\"elementor-widget-container\">\n\t\t\t\t\t\t\t\t<nav aria-label=\"Menu\" class=\"elementor-nav-menu--main elementor-nav-menu__container elementor-nav-menu--layout-horizontal e--pointer-underline e--animation-fade\">\n\t\t\t\t<ul id=\"menu-1-8032751\" class=\"elementor-nav-menu\"><li class=\"menu-item menu-item-type-post_type menu-item-object-page menu-item-40929\"><a href=\"https:\/\/acrj.org.br\/index.php\/eventos_26\/\" class=\"elementor-item\">2026<\/a><\/li>\n<li class=\"menu-item menu-item-type-post_type menu-item-object-page menu-item-37021\"><a href=\"https:\/\/acrj.org.br\/index.php\/eventos\/\" class=\"elementor-item\">2025<\/a><\/li>\n<li class=\"menu-item menu-item-type-post_type menu-item-object-page menu-item-37037\"><a href=\"https:\/\/acrj.org.br\/index.php\/eventos_24\/\" class=\"elementor-item\">2024<\/a><\/li>\n<li class=\"menu-item menu-item-type-post_type menu-item-object-page menu-item-37020\"><a href=\"https:\/\/acrj.org.br\/index.php\/eventos_23\/\" class=\"elementor-item\">2023<\/a><\/li>\n<\/ul>\t\t\t<\/nav>\n\t\t\t\t\t<div class=\"elementor-menu-toggle\" role=\"button\" tabindex=\"0\" aria-label=\"Alternar menu\" aria-expanded=\"false\">\n\t\t\t<i aria-hidden=\"true\" role=\"presentation\" class=\"elementor-menu-toggle__icon--open eicon-menu-bar\"><\/i><i aria-hidden=\"true\" role=\"presentation\" class=\"elementor-menu-toggle__icon--close eicon-close\"><\/i>\t\t<\/div>\n\t\t\t\t\t<nav class=\"elementor-nav-menu--dropdown elementor-nav-menu__container\" aria-hidden=\"true\">\n\t\t\t\t<ul id=\"menu-2-8032751\" class=\"elementor-nav-menu\"><li class=\"menu-item menu-item-type-post_type menu-item-object-page menu-item-40929\"><a href=\"https:\/\/acrj.org.br\/index.php\/eventos_26\/\" class=\"elementor-item\" tabindex=\"-1\">2026<\/a><\/li>\n<li class=\"menu-item menu-item-type-post_type menu-item-object-page menu-item-37021\"><a href=\"https:\/\/acrj.org.br\/index.php\/eventos\/\" class=\"elementor-item\" tabindex=\"-1\">2025<\/a><\/li>\n<li class=\"menu-item menu-item-type-post_type menu-item-object-page menu-item-37037\"><a href=\"https:\/\/acrj.org.br\/index.php\/eventos_24\/\" class=\"elementor-item\" tabindex=\"-1\">2024<\/a><\/li>\n<li class=\"menu-item menu-item-type-post_type menu-item-object-page menu-item-37020\"><a href=\"https:\/\/acrj.org.br\/index.php\/eventos_23\/\" class=\"elementor-item\" tabindex=\"-1\">2023<\/a><\/li>\n<\/ul>\t\t\t<\/nav>\n\t\t\t\t\t\t<\/div>\n\t\t\t\t<\/div>\n\t\t\t\t<div class=\"elementor-element elementor-element-91656e6 elementor-grid-4 elementor-grid-tablet-1 elementor-grid-mobile-1 elementor-posts--thumbnail-top elementor-widget elementor-widget-posts\" data-id=\"91656e6\" data-element_type=\"widget\" data-e-type=\"widget\" data-settings=\"{&quot;classic_columns&quot;:&quot;4&quot;,&quot;pagination_type&quot;:&quot;numbers_and_prev_next&quot;,&quot;classic_columns_tablet&quot;:&quot;1&quot;,&quot;classic_columns_mobile&quot;:&quot;1&quot;,&quot;classic_row_gap&quot;:{&quot;unit&quot;:&quot;px&quot;,&quot;size&quot;:35,&quot;sizes&quot;:[]},&quot;classic_row_gap_tablet&quot;:{&quot;unit&quot;:&quot;px&quot;,&quot;size&quot;:&quot;&quot;,&quot;sizes&quot;:[]},&quot;classic_row_gap_mobile&quot;:{&quot;unit&quot;:&quot;px&quot;,&quot;size&quot;:&quot;&quot;,&quot;sizes&quot;:[]}}\" data-widget_type=\"posts.classic\">\n\t\t\t\t<div class=\"elementor-widget-container\">\n\t\t\t\t\t\t\t<div class=\"elementor-posts-container elementor-posts elementor-posts--skin-classic elementor-grid\" role=\"list\">\n\t\t\t\t<article class=\"elementor-post elementor-grid-item post-21376 post type-post status-publish format-standard has-post-thumbnail hentry category-eventos_acrj category-noticias\" role=\"listitem\">\n\t\t\t\t<a class=\"elementor-post__thumbnail__link\" href=\"https:\/\/acrj.org.br\/index.php\/2023\/11\/06\/conferencia-da-alianca-centro-rio-sera-realizada-na-sede-da-acrj\/\" tabindex=\"-1\" >\n\t\t\t<div class=\"elementor-post__thumbnail\"><img fetchpriority=\"high\" decoding=\"async\" width=\"300\" height=\"225\" src=\"https:\/\/acrj.org.br\/wp-content\/uploads\/2023\/11\/pexels-media-4272478-1699307876117-300x225.jpeg\" class=\"attachment-medium size-medium wp-image-21377\" alt=\"\" srcset=\"https:\/\/acrj.org.br\/wp-content\/uploads\/2023\/11\/pexels-media-4272478-1699307876117-300x225.jpeg 300w, https:\/\/acrj.org.br\/wp-content\/uploads\/2023\/11\/pexels-media-4272478-1699307876117-600x450.jpeg 600w, https:\/\/acrj.org.br\/wp-content\/uploads\/2023\/11\/pexels-media-4272478-1699307876117-1024x768.jpeg 1024w, https:\/\/acrj.org.br\/wp-content\/uploads\/2023\/11\/pexels-media-4272478-1699307876117-768x576.jpeg 768w, https:\/\/acrj.org.br\/wp-content\/uploads\/2023\/11\/pexels-media-4272478-1699307876117.jpeg 1280w\" sizes=\"(max-width: 300px) 100vw, 300px\" \/><\/div>\n\t\t<\/a>\n\t\t\t\t<div class=\"elementor-post__text\">\n\t\t\t\t<h3 class=\"elementor-post__title\">\n\t\t\t<a href=\"https:\/\/acrj.org.br\/index.php\/2023\/11\/06\/conferencia-da-alianca-centro-rio-sera-realizada-na-sede-da-acrj\/\" >\n\t\t\t\tConfer\u00eancia da Alian\u00e7a Centro-Rio ser\u00e1 realizada na sede da ACRJ\t\t\t<\/a>\n\t\t<\/h3>\n\t\t\t\t<div class=\"elementor-post__excerpt\">\n\t\t\t<p>O presidente da ACRJ, Josier Vilar, participa nesta 4\u00aa feira, 8 de novembro, a partir das 9 horas, da abertura da Confer\u00eancia Centro-Rio, que marca<\/p>\n\t\t<\/div>\n\t\t\n\t\t<a class=\"elementor-post__read-more\" href=\"https:\/\/acrj.org.br\/index.php\/2023\/11\/06\/conferencia-da-alianca-centro-rio-sera-realizada-na-sede-da-acrj\/\" aria-label=\"Leia mais sobre Confer\u00eancia da Alian\u00e7a Centro-Rio ser\u00e1 realizada na sede da ACRJ\" tabindex=\"-1\" >\n\t\t\tLeia mais \u00bb\t\t<\/a>\n\n\t\t\t\t<\/div>\n\t\t\t\t<\/article>\n\t\t\t\t<article class=\"elementor-post elementor-grid-item post-21321 post type-post status-publish format-standard has-post-thumbnail hentry category-eventos_acrj category-noticias tag-linkhttps-acrj-org-br-index-php-contato\" role=\"listitem\">\n\t\t\t\t<a class=\"elementor-post__thumbnail__link\" href=\"https:\/\/acrj.org.br\/index.php\/2023\/11\/01\/edicao-2023-do-compliance-across-regional-rio-de-janeiro-sera-realizada-dia-21-11-na-acr\/\" tabindex=\"-1\" >\n\t\t\t<div class=\"elementor-post__thumbnail\"><img decoding=\"async\" width=\"300\" height=\"300\" src=\"https:\/\/acrj.org.br\/wp-content\/uploads\/2023\/10\/Compliance-Across-Regional-300x300.jpg\" class=\"attachment-medium size-medium wp-image-21146\" alt=\"\" srcset=\"https:\/\/acrj.org.br\/wp-content\/uploads\/2023\/10\/Compliance-Across-Regional-300x300.jpg 300w, https:\/\/acrj.org.br\/wp-content\/uploads\/2023\/10\/Compliance-Across-Regional-100x100.jpg 100w, https:\/\/acrj.org.br\/wp-content\/uploads\/2023\/10\/Compliance-Across-Regional-600x600.jpg 600w, https:\/\/acrj.org.br\/wp-content\/uploads\/2023\/10\/Compliance-Across-Regional-1024x1024.jpg 1024w, https:\/\/acrj.org.br\/wp-content\/uploads\/2023\/10\/Compliance-Across-Regional-150x150.jpg 150w, https:\/\/acrj.org.br\/wp-content\/uploads\/2023\/10\/Compliance-Across-Regional-768x768.jpg 768w, https:\/\/acrj.org.br\/wp-content\/uploads\/2023\/10\/Compliance-Across-Regional.jpg 1080w\" sizes=\"(max-width: 300px) 100vw, 300px\" \/><\/div>\n\t\t<\/a>\n\t\t\t\t<div class=\"elementor-post__text\">\n\t\t\t\t<h3 class=\"elementor-post__title\">\n\t\t\t<a href=\"https:\/\/acrj.org.br\/index.php\/2023\/11\/01\/edicao-2023-do-compliance-across-regional-rio-de-janeiro-sera-realizada-dia-21-11-na-acr\/\" >\n\t\t\t\tEdi\u00e7\u00e3o 2023 do evento Compliance Across Rio de Janeiro ser\u00e1 realizada na ACRJ\t\t\t<\/a>\n\t\t<\/h3>\n\t\t\t\t<div class=\"elementor-post__excerpt\">\n\t\t\t<p>A edi\u00e7\u00e3o 2023 do Compliance Across Regional Rio de Janeiro (CAR-RJ) acontecer\u00e1 no dia 21 de novembro, das 9h \u00e0s 18h, na sede da ACRJ,<\/p>\n\t\t<\/div>\n\t\t\n\t\t<a class=\"elementor-post__read-more\" href=\"https:\/\/acrj.org.br\/index.php\/2023\/11\/01\/edicao-2023-do-compliance-across-regional-rio-de-janeiro-sera-realizada-dia-21-11-na-acr\/\" aria-label=\"Leia mais sobre Edi\u00e7\u00e3o 2023 do evento Compliance Across Rio de Janeiro ser\u00e1 realizada na ACRJ\" tabindex=\"-1\" >\n\t\t\tLeia mais \u00bb\t\t<\/a>\n\n\t\t\t\t<\/div>\n\t\t\t\t<\/article>\n\t\t\t\t<article class=\"elementor-post elementor-grid-item post-21310 post type-post status-publish format-standard has-post-thumbnail hentry category-destaque_noticias category-eventos_acrj category-noticias\" role=\"listitem\">\n\t\t\t\t<a class=\"elementor-post__thumbnail__link\" href=\"https:\/\/acrj.org.br\/index.php\/2023\/10\/31\/o-que-e-impossivel-a-pergunta-foi-o-tema-da-palestra-da-consultora-thais-pegoraro-no-conselho-da-mulher\/\" tabindex=\"-1\" >\n\t\t\t<div class=\"elementor-post__thumbnail\"><img decoding=\"async\" width=\"300\" height=\"233\" src=\"https:\/\/acrj.org.br\/wp-content\/uploads\/2023\/10\/josier-1-e1698782502452-300x233.jpg\" class=\"attachment-medium size-medium wp-image-21312\" alt=\"\" srcset=\"https:\/\/acrj.org.br\/wp-content\/uploads\/2023\/10\/josier-1-e1698782502452-300x233.jpg 300w, https:\/\/acrj.org.br\/wp-content\/uploads\/2023\/10\/josier-1-e1698782502452-600x465.jpg 600w, https:\/\/acrj.org.br\/wp-content\/uploads\/2023\/10\/josier-1-e1698782502452-1024x794.jpg 1024w, https:\/\/acrj.org.br\/wp-content\/uploads\/2023\/10\/josier-1-e1698782502452-768x596.jpg 768w, https:\/\/acrj.org.br\/wp-content\/uploads\/2023\/10\/josier-1-e1698782502452.jpg 1360w\" sizes=\"(max-width: 300px) 100vw, 300px\" \/><\/div>\n\t\t<\/a>\n\t\t\t\t<div class=\"elementor-post__text\">\n\t\t\t\t<h3 class=\"elementor-post__title\">\n\t\t\t<a href=\"https:\/\/acrj.org.br\/index.php\/2023\/10\/31\/o-que-e-impossivel-a-pergunta-foi-o-tema-da-palestra-da-consultora-thais-pegoraro-no-conselho-da-mulher\/\" >\n\t\t\t\t\u201cO que \u00e9 imposs\u00edvel?\u201d foi o tema da palestra da consultora Tha\u00eds Pegoraro no Conselho da Mulher\t\t\t<\/a>\n\t\t<\/h3>\n\t\t\t\t<div class=\"elementor-post__excerpt\">\n\t\t\t<p>A palestrante, escritora, advogada, consultora de carreira para executivos, m\u00e3e do Jos\u00e9, com cinco anos de idade, Tha\u00eds Pegoraro participou do encontro do Conselho Empresarial<\/p>\n\t\t<\/div>\n\t\t\n\t\t<a class=\"elementor-post__read-more\" href=\"https:\/\/acrj.org.br\/index.php\/2023\/10\/31\/o-que-e-impossivel-a-pergunta-foi-o-tema-da-palestra-da-consultora-thais-pegoraro-no-conselho-da-mulher\/\" aria-label=\"Leia mais sobre \u201cO que \u00e9 imposs\u00edvel?\u201d foi o tema da palestra da consultora Tha\u00eds Pegoraro no Conselho da Mulher\" tabindex=\"-1\" >\n\t\t\tLeia mais \u00bb\t\t<\/a>\n\n\t\t\t\t<\/div>\n\t\t\t\t<\/article>\n\t\t\t\t<\/div>\n\t\t\n\t\t\t\t\t\t<\/div>\n\t\t\t\t<\/div>\n\t\t\t\t\t<\/div>\n\t\t<\/div>\n\t\t\t\t\t<\/div>\n\t\t<\/section>\n\t\t\t\t<\/div>\n\t\t","protected":false},"excerpt":{"rendered":"","protected":false},"author":1,"featured_media":0,"parent":0,"menu_order":0,"comment_status":"closed","ping_status":"closed","template":"","meta":{"_exactmetrics_skip_tracking":false,"_exactmetrics_sitenote_active":false,"_exactmetrics_sitenote_note":"","_exactmetrics_sitenote_category":0,"footnotes":""},"class_list":["post-37018","page","type-page","status-publish","hentry"],"_links":{"self":[{"href":"https:\/\/acrj.org.br\/index.php\/wp-json\/wp\/v2\/pages\/37018","targetHints":{"allow":["GET"]}}],"collection":[{"href":"https:\/\/acrj.org.br\/index.php\/wp-json\/wp\/v2\/pages"}],"about":[{"href":"https:\/\/acrj.org.br\/index.php\/wp-json\/wp\/v2\/types\/page"}],"author":[{"embeddable":true,"href":"https:\/\/acrj.org.br\/index.php\/wp-json\/wp\/v2\/users\/1"}],"replies":[{"embeddable":true,"href":"https:\/\/acrj.org.br\/index.php\/wp-json\/wp\/v2\/comments?post=37018"}],"version-history":[{"count":0,"href":"https:\/\/acrj.org.br\/index.php\/wp-json\/wp\/v2\/pages\/37018\/revisions"}],"wp:attachment":[{"href":"https:\/\/acrj.org.br\/index.php\/wp-json\/wp\/v2\/media?parent=37018"}],"curies":[{"name":"wp","href":"https:\/\/api.w.org\/{rel}","templated":true}]}}