{"id":226,"date":"2020-02-06T10:57:51","date_gmt":"2020-02-06T13:57:51","guid":{"rendered":"http:\/\/acrj2020.profissional.ws\/?page_id=226"},"modified":"2025-12-18T12:03:16","modified_gmt":"2025-12-18T15:03:16","slug":"assuntos-juridicos","status":"publish","type":"page","link":"https:\/\/acrj.org.br\/index.php\/assuntos-juridicos\/","title":{"rendered":"Conselho Empresarial de Assuntos Jur\u00eddicos, Estrat\u00e9gicos e Tribut\u00e1rios"},"content":{"rendered":"\t\t<div data-elementor-type=\"wp-page\" data-elementor-id=\"226\" class=\"elementor elementor-226\" data-elementor-post-type=\"page\">\n\t\t\t\t\t\t<section class=\"elementor-section elementor-top-section elementor-element elementor-element-f33bf93 elementor-section-boxed elementor-section-height-default elementor-section-height-default\" data-id=\"f33bf93\" data-element_type=\"section\" data-e-type=\"section\">\n\t\t\t\t\t\t<div class=\"elementor-container elementor-column-gap-default\">\n\t\t\t\t\t<div class=\"elementor-column elementor-col-100 elementor-top-column elementor-element elementor-element-8d8078f\" data-id=\"8d8078f\" data-element_type=\"column\" data-e-type=\"column\">\n\t\t\t<div class=\"elementor-widget-wrap elementor-element-populated\">\n\t\t\t\t\t\t<div class=\"elementor-element elementor-element-2336ab2 elementor-widget elementor-widget-text-editor\" data-id=\"2336ab2\" data-element_type=\"widget\" data-e-type=\"widget\" data-widget_type=\"text-editor.default\">\n\t\t\t\t<div class=\"elementor-widget-container\">\n\t\t\t\t\t\t\t\t\t<p>Tem como objetivos analisar as necessidades do empresariado, propor a\u00e7\u00f5es para o desenvolvimento desburocratizado das atividades empresariais, acompanhar projetos de leis em andamento, emitir pareceres sobre temas impactantes na economia e aconselhar a Presid\u00eancia da ACRJ em assuntos estrat\u00e9gicos.<br \/><!-- \/wp:paragraph --><\/p>\t\t\t\t\t\t\t\t<\/div>\n\t\t\t\t<\/div>\n\t\t\t\t\t<\/div>\n\t\t<\/div>\n\t\t\t\t\t<\/div>\n\t\t<\/section>\n\t\t\t\t<section class=\"elementor-section elementor-top-section elementor-element elementor-element-af9e584 elementor-section-boxed elementor-section-height-default elementor-section-height-default\" data-id=\"af9e584\" data-element_type=\"section\" data-e-type=\"section\">\n\t\t\t\t\t\t<div class=\"elementor-container elementor-column-gap-default\">\n\t\t\t\t\t<div class=\"elementor-column elementor-col-16 elementor-top-column elementor-element elementor-element-3569329\" data-id=\"3569329\" data-element_type=\"column\" data-e-type=\"column\">\n\t\t\t<div class=\"elementor-widget-wrap elementor-element-populated\">\n\t\t\t\t\t\t<div class=\"elementor-element elementor-element-99e2ee0 elementor-widget__width-initial elementor-widget elementor-widget-image\" data-id=\"99e2ee0\" data-element_type=\"widget\" data-e-type=\"widget\" data-widget_type=\"image.default\">\n\t\t\t\t<div class=\"elementor-widget-container\">\n\t\t\t\t\t\t\t\t\t\t\t\t\t\t\t<img fetchpriority=\"high\" decoding=\"async\" width=\"654\" height=\"654\" src=\"https:\/\/acrj.org.br\/wp-content\/uploads\/2023\/09\/Rodrigo-Verdini.png\" class=\"attachment-full size-full wp-image-19548\" alt=\"\" srcset=\"https:\/\/acrj.org.br\/wp-content\/uploads\/2023\/09\/Rodrigo-Verdini.png 654w, https:\/\/acrj.org.br\/wp-content\/uploads\/2023\/09\/Rodrigo-Verdini-300x300.png 300w, https:\/\/acrj.org.br\/wp-content\/uploads\/2023\/09\/Rodrigo-Verdini-100x100.png 100w, https:\/\/acrj.org.br\/wp-content\/uploads\/2023\/09\/Rodrigo-Verdini-600x600.png 600w, https:\/\/acrj.org.br\/wp-content\/uploads\/2023\/09\/Rodrigo-Verdini-150x150.png 150w\" sizes=\"(max-width: 654px) 100vw, 654px\" \/>\t\t\t\t\t\t\t\t\t\t\t\t\t\t\t<\/div>\n\t\t\t\t<\/div>\n\t\t\t\t<div class=\"elementor-element elementor-element-d56726f elementor-widget__width-initial elementor-absolute elementor-widget elementor-widget-image\" data-id=\"d56726f\" data-element_type=\"widget\" data-e-type=\"widget\" data-settings=\"{&quot;_position&quot;:&quot;absolute&quot;}\" data-widget_type=\"image.default\">\n\t\t\t\t<div class=\"elementor-widget-container\">\n\t\t\t\t\t\t\t\t\t\t\t\t\t\t\t<img decoding=\"async\" width=\"94\" height=\"245\" src=\"https:\/\/acrj.org.br\/wp-content\/uploads\/2020\/02\/firula1_conselho.png\" class=\"attachment-medium size-medium wp-image-268\" alt=\"\" \/>\t\t\t\t\t\t\t\t\t\t\t\t\t\t\t<\/div>\n\t\t\t\t<\/div>\n\t\t\t\t<div class=\"elementor-element elementor-element-fb690f6 elementor-widget elementor-widget-spacer\" data-id=\"fb690f6\" data-element_type=\"widget\" data-e-type=\"widget\" data-widget_type=\"spacer.default\">\n\t\t\t\t<div class=\"elementor-widget-container\">\n\t\t\t\t\t\t\t<div class=\"elementor-spacer\">\n\t\t\t<div class=\"elementor-spacer-inner\"><\/div>\n\t\t<\/div>\n\t\t\t\t\t\t<\/div>\n\t\t\t\t<\/div>\n\t\t\t\t<div class=\"elementor-element elementor-element-c00c3bd elementor-absolute conselhos elementor-widget elementor-widget-text-editor\" data-id=\"c00c3bd\" data-element_type=\"widget\" data-e-type=\"widget\" data-settings=\"{&quot;_position&quot;:&quot;absolute&quot;}\" data-widget_type=\"text-editor.default\">\n\t\t\t\t<div class=\"elementor-widget-container\">\n\t\t\t\t\t\t\t\t\t<h2>Rodrigo Verdini<\/h2><p>Presidente<\/p>\t\t\t\t\t\t\t\t<\/div>\n\t\t\t\t<\/div>\n\t\t\t\t\t<\/div>\n\t\t<\/div>\n\t\t\t\t<div class=\"elementor-column elementor-col-16 elementor-top-column elementor-element elementor-element-7d69868\" data-id=\"7d69868\" data-element_type=\"column\" data-e-type=\"column\">\n\t\t\t<div class=\"elementor-widget-wrap\">\n\t\t\t\t\t\t\t<\/div>\n\t\t<\/div>\n\t\t\t\t<div class=\"elementor-column elementor-col-16 elementor-top-column elementor-element elementor-element-ffef068\" data-id=\"ffef068\" data-element_type=\"column\" data-e-type=\"column\">\n\t\t\t<div class=\"elementor-widget-wrap elementor-element-populated\">\n\t\t\t\t\t\t<div class=\"elementor-element elementor-element-8019b60 elementor-widget__width-initial elementor-widget elementor-widget-image\" data-id=\"8019b60\" data-element_type=\"widget\" data-e-type=\"widget\" data-widget_type=\"image.default\">\n\t\t\t\t<div class=\"elementor-widget-container\">\n\t\t\t\t\t\t\t\t\t\t\t\t\t\t\t<img decoding=\"async\" width=\"800\" height=\"800\" src=\"https:\/\/acrj.org.br\/wp-content\/uploads\/2025\/12\/Gerson-Stocco.png\" class=\"attachment-full size-full wp-image-40626\" alt=\"\" srcset=\"https:\/\/acrj.org.br\/wp-content\/uploads\/2025\/12\/Gerson-Stocco.png 800w, https:\/\/acrj.org.br\/wp-content\/uploads\/2025\/12\/Gerson-Stocco-300x300.png 300w, https:\/\/acrj.org.br\/wp-content\/uploads\/2025\/12\/Gerson-Stocco-150x150.png 150w, https:\/\/acrj.org.br\/wp-content\/uploads\/2025\/12\/Gerson-Stocco-768x768.png 768w\" sizes=\"(max-width: 800px) 100vw, 800px\" \/>\t\t\t\t\t\t\t\t\t\t\t\t\t\t\t<\/div>\n\t\t\t\t<\/div>\n\t\t\t\t<div class=\"elementor-element elementor-element-db49bd4 elementor-widget__width-initial elementor-absolute elementor-widget elementor-widget-image\" data-id=\"db49bd4\" data-element_type=\"widget\" data-e-type=\"widget\" data-settings=\"{&quot;_position&quot;:&quot;absolute&quot;}\" data-widget_type=\"image.default\">\n\t\t\t\t<div class=\"elementor-widget-container\">\n\t\t\t\t\t\t\t\t\t\t\t\t\t\t\t<img decoding=\"async\" width=\"94\" height=\"245\" src=\"https:\/\/acrj.org.br\/wp-content\/uploads\/2020\/02\/firula1_conselho.png\" class=\"attachment-medium size-medium wp-image-268\" alt=\"\" \/>\t\t\t\t\t\t\t\t\t\t\t\t\t\t\t<\/div>\n\t\t\t\t<\/div>\n\t\t\t\t<div class=\"elementor-element elementor-element-07e860b elementor-widget elementor-widget-spacer\" data-id=\"07e860b\" data-element_type=\"widget\" data-e-type=\"widget\" data-widget_type=\"spacer.default\">\n\t\t\t\t<div class=\"elementor-widget-container\">\n\t\t\t\t\t\t\t<div class=\"elementor-spacer\">\n\t\t\t<div class=\"elementor-spacer-inner\"><\/div>\n\t\t<\/div>\n\t\t\t\t\t\t<\/div>\n\t\t\t\t<\/div>\n\t\t\t\t<div class=\"elementor-element elementor-element-1ef6e38 elementor-absolute conselhos elementor-widget elementor-widget-text-editor\" data-id=\"1ef6e38\" data-element_type=\"widget\" data-e-type=\"widget\" data-settings=\"{&quot;_position&quot;:&quot;absolute&quot;}\" data-widget_type=\"text-editor.default\">\n\t\t\t\t<div class=\"elementor-widget-container\">\n\t\t\t\t\t\t\t\t\t<h2>Gerson Stocco de Siqueira<\/h2>\n<p>Vice-Presidente<\/p>\t\t\t\t\t\t\t\t<\/div>\n\t\t\t\t<\/div>\n\t\t\t\t\t<\/div>\n\t\t<\/div>\n\t\t\t\t<div class=\"elementor-column elementor-col-16 elementor-top-column elementor-element elementor-element-7876e8c\" data-id=\"7876e8c\" data-element_type=\"column\" data-e-type=\"column\">\n\t\t\t<div class=\"elementor-widget-wrap\">\n\t\t\t\t\t\t\t<\/div>\n\t\t<\/div>\n\t\t\t\t<div class=\"elementor-column elementor-col-16 elementor-top-column elementor-element elementor-element-4052544\" data-id=\"4052544\" data-element_type=\"column\" data-e-type=\"column\">\n\t\t\t<div class=\"elementor-widget-wrap elementor-element-populated\">\n\t\t\t\t\t\t<div class=\"elementor-element elementor-element-0d69c26 elementor-widget__width-initial elementor-widget elementor-widget-image\" data-id=\"0d69c26\" data-element_type=\"widget\" data-e-type=\"widget\" data-widget_type=\"image.default\">\n\t\t\t\t<div class=\"elementor-widget-container\">\n\t\t\t\t\t\t\t\t\t\t\t\t\t\t\t<img loading=\"lazy\" decoding=\"async\" width=\"648\" height=\"648\" src=\"https:\/\/acrj.org.br\/wp-content\/uploads\/2023\/09\/Fabio-de-Oliveira-Azevedo.png\" class=\"attachment-full size-full wp-image-19547\" alt=\"\" srcset=\"https:\/\/acrj.org.br\/wp-content\/uploads\/2023\/09\/Fabio-de-Oliveira-Azevedo.png 648w, https:\/\/acrj.org.br\/wp-content\/uploads\/2023\/09\/Fabio-de-Oliveira-Azevedo-300x300.png 300w, https:\/\/acrj.org.br\/wp-content\/uploads\/2023\/09\/Fabio-de-Oliveira-Azevedo-100x100.png 100w, https:\/\/acrj.org.br\/wp-content\/uploads\/2023\/09\/Fabio-de-Oliveira-Azevedo-600x600.png 600w, https:\/\/acrj.org.br\/wp-content\/uploads\/2023\/09\/Fabio-de-Oliveira-Azevedo-150x150.png 150w\" sizes=\"(max-width: 648px) 100vw, 648px\" \/>\t\t\t\t\t\t\t\t\t\t\t\t\t\t\t<\/div>\n\t\t\t\t<\/div>\n\t\t\t\t<div class=\"elementor-element elementor-element-59f2a82 elementor-widget__width-initial elementor-absolute elementor-widget elementor-widget-image\" data-id=\"59f2a82\" data-element_type=\"widget\" data-e-type=\"widget\" data-settings=\"{&quot;_position&quot;:&quot;absolute&quot;}\" data-widget_type=\"image.default\">\n\t\t\t\t<div class=\"elementor-widget-container\">\n\t\t\t\t\t\t\t\t\t\t\t\t\t\t\t<img decoding=\"async\" width=\"94\" height=\"245\" src=\"https:\/\/acrj.org.br\/wp-content\/uploads\/2020\/02\/firula1_conselho.png\" class=\"attachment-medium size-medium wp-image-268\" alt=\"\" \/>\t\t\t\t\t\t\t\t\t\t\t\t\t\t\t<\/div>\n\t\t\t\t<\/div>\n\t\t\t\t<div class=\"elementor-element elementor-element-fb20295 elementor-widget elementor-widget-spacer\" data-id=\"fb20295\" data-element_type=\"widget\" data-e-type=\"widget\" data-widget_type=\"spacer.default\">\n\t\t\t\t<div class=\"elementor-widget-container\">\n\t\t\t\t\t\t\t<div class=\"elementor-spacer\">\n\t\t\t<div class=\"elementor-spacer-inner\"><\/div>\n\t\t<\/div>\n\t\t\t\t\t\t<\/div>\n\t\t\t\t<\/div>\n\t\t\t\t<div class=\"elementor-element elementor-element-e4deac8 elementor-absolute conselhos elementor-widget elementor-widget-text-editor\" data-id=\"e4deac8\" data-element_type=\"widget\" data-e-type=\"widget\" data-settings=\"{&quot;_position&quot;:&quot;absolute&quot;}\" data-widget_type=\"text-editor.default\">\n\t\t\t\t<div class=\"elementor-widget-container\">\n\t\t\t\t\t\t\t\t\t<h2>FABIO AZEVEDO<\/h2><p>Vice-Presidente<\/p>\t\t\t\t\t\t\t\t<\/div>\n\t\t\t\t<\/div>\n\t\t\t\t\t<\/div>\n\t\t<\/div>\n\t\t\t\t<div class=\"elementor-column elementor-col-16 elementor-top-column elementor-element elementor-element-8b5f4f2\" data-id=\"8b5f4f2\" data-element_type=\"column\" data-e-type=\"column\">\n\t\t\t<div class=\"elementor-widget-wrap\">\n\t\t\t\t\t\t\t<\/div>\n\t\t<\/div>\n\t\t\t\t\t<\/div>\n\t\t<\/section>\n\t\t\t\t<section class=\"elementor-section elementor-top-section elementor-element elementor-element-904d048 elementor-section-boxed elementor-section-height-default elementor-section-height-default\" data-id=\"904d048\" data-element_type=\"section\" data-e-type=\"section\">\n\t\t\t\t\t\t<div class=\"elementor-container elementor-column-gap-default\">\n\t\t\t\t\t<div class=\"elementor-column elementor-col-100 elementor-top-column elementor-element elementor-element-f433dc1\" data-id=\"f433dc1\" data-element_type=\"column\" data-e-type=\"column\">\n\t\t\t<div class=\"elementor-widget-wrap elementor-element-populated\">\n\t\t\t\t\t\t<div class=\"elementor-element elementor-element-a6a61c6 elementor-widget elementor-widget-spacer\" data-id=\"a6a61c6\" data-element_type=\"widget\" data-e-type=\"widget\" data-widget_type=\"spacer.default\">\n\t\t\t\t<div class=\"elementor-widget-container\">\n\t\t\t\t\t\t\t<div class=\"elementor-spacer\">\n\t\t\t<div class=\"elementor-spacer-inner\"><\/div>\n\t\t<\/div>\n\t\t\t\t\t\t<\/div>\n\t\t\t\t<\/div>\n\t\t\t\t<div class=\"elementor-element elementor-element-1998e6f elementor-widget elementor-widget-heading\" data-id=\"1998e6f\" data-element_type=\"widget\" data-e-type=\"widget\" data-widget_type=\"heading.default\">\n\t\t\t\t<div class=\"elementor-widget-container\">\n\t\t\t\t\t<h2 class=\"elementor-heading-title elementor-size-default\">MEMBROS DO CONSELHO<\/h2>\t\t\t\t<\/div>\n\t\t\t\t<\/div>\n\t\t\t\t<div class=\"elementor-element elementor-element-545c077 membros elementor-widget elementor-widget-text-editor\" data-id=\"545c077\" data-element_type=\"widget\" data-e-type=\"widget\" data-widget_type=\"text-editor.default\">\n\t\t\t\t<div class=\"elementor-widget-container\">\n\t\t\t\t\t\t\t\t\t<p>Ana Carolina Gandra Pi\u00e1 de Andrade<\/p><p>Corintho de Arruda Falc\u00e3o Filho<\/p><p>Daltro de Campos Borges Filho<\/p><p>Daniela Alves Portugal Duque Estrada<\/p><p>F\u00e1bio Nogueira Fernandes<\/p><p>Fernando Cariola Travassos<\/p><p>Gerson Stocco de Siqueira<\/p><p>Gilson Freitas de Souza<\/p><p>Gustavo Carvalho Gomes Schwartz<\/p><p>Hariman Antonio Dias de Araujo<\/p><p>Jos\u00e9 Roberto de Castro Neves<\/p><p>Juliana Hoppner Bumachar<\/p><p>Leonardo Maciel<\/p><p>Marcelo Augusto Fichtner Bellizze Oliveira<\/p><p>Maria Clara da Costa Nunes Sharp<\/p><p>Marta Cristina de Faria Alves<\/p><p>Pedro Henrique Di Masi Palheiro<\/p><p>Raphael de Campos Martins<\/p><p>Ricardo Loretti Henrici<\/p><p>Rodrigo Fux<\/p><p>Sergio Coelho e\u00a0Silva\u00a0Pereira<\/p><p>Tatiana Loureiro Binato de Castro Miccione<\/p>\t\t\t\t\t\t\t\t<\/div>\n\t\t\t\t<\/div>\n\t\t\t\t\t<\/div>\n\t\t<\/div>\n\t\t\t\t\t<\/div>\n\t\t<\/section>\n\t\t\t\t<\/div>\n\t\t","protected":false},"excerpt":{"rendered":"<p>Tem como objetivos analisar as necessidades do empresariado, propor a\u00e7\u00f5es para o desenvolvimento desburocratizado das atividades empresariais, acompanhar projetos de leis em andamento, emitir pareceres&hellip;<\/p>\n","protected":false},"author":9,"featured_media":0,"parent":0,"menu_order":0,"comment_status":"closed","ping_status":"closed","template":"","meta":{"_exactmetrics_skip_tracking":false,"_exactmetrics_sitenote_active":false,"_exactmetrics_sitenote_note":"","_exactmetrics_sitenote_category":0,"footnotes":""},"class_list":["post-226","page","type-page","status-publish","hentry"],"_links":{"self":[{"href":"https:\/\/acrj.org.br\/index.php\/wp-json\/wp\/v2\/pages\/226","targetHints":{"allow":["GET"]}}],"collection":[{"href":"https:\/\/acrj.org.br\/index.php\/wp-json\/wp\/v2\/pages"}],"about":[{"href":"https:\/\/acrj.org.br\/index.php\/wp-json\/wp\/v2\/types\/page"}],"author":[{"embeddable":true,"href":"https:\/\/acrj.org.br\/index.php\/wp-json\/wp\/v2\/users\/9"}],"replies":[{"embeddable":true,"href":"https:\/\/acrj.org.br\/index.php\/wp-json\/wp\/v2\/comments?post=226"}],"version-history":[{"count":0,"href":"https:\/\/acrj.org.br\/index.php\/wp-json\/wp\/v2\/pages\/226\/revisions"}],"wp:attachment":[{"href":"https:\/\/acrj.org.br\/index.php\/wp-json\/wp\/v2\/media?parent=226"}],"curies":[{"name":"wp","href":"https:\/\/api.w.org\/{rel}","templated":true}]}}