{"id":224,"date":"2020-02-06T10:57:18","date_gmt":"2020-02-06T13:57:18","guid":{"rendered":"http:\/\/acrj2020.profissional.ws\/?page_id=224"},"modified":"2025-11-19T12:58:12","modified_gmt":"2025-11-19T15:58:12","slug":"inovacao-e-transformacao-digital","status":"publish","type":"page","link":"https:\/\/acrj.org.br\/index.php\/inovacao-e-transformacao-digital\/","title":{"rendered":"CONSELHO EMPRESARIAL DE INOVA\u00c7\u00c3O e TRANSFORMA\u00c7\u00c3O DIGITAL"},"content":{"rendered":"\t\t<div data-elementor-type=\"wp-page\" data-elementor-id=\"224\" class=\"elementor elementor-224\" data-elementor-post-type=\"page\">\n\t\t\t\t\t\t<section class=\"elementor-section elementor-top-section elementor-element elementor-element-7ae4551 elementor-section-boxed elementor-section-height-default elementor-section-height-default\" data-id=\"7ae4551\" data-element_type=\"section\" data-e-type=\"section\">\n\t\t\t\t\t\t<div class=\"elementor-container elementor-column-gap-default\">\n\t\t\t\t\t<div class=\"elementor-column elementor-col-100 elementor-top-column elementor-element elementor-element-4dc8c554\" data-id=\"4dc8c554\" data-element_type=\"column\" data-e-type=\"column\">\n\t\t\t<div class=\"elementor-widget-wrap elementor-element-populated\">\n\t\t\t\t\t\t<div class=\"elementor-element elementor-element-312b982a elementor-widget elementor-widget-text-editor\" data-id=\"312b982a\" data-element_type=\"widget\" data-e-type=\"widget\" data-widget_type=\"text-editor.default\">\n\t\t\t\t<div class=\"elementor-widget-container\">\n\t\t\t\t\t\t\t\t\t\n<p>O Conselho\u00a0tem como atribui\u00e7\u00e3o contribuir para disseminar os aspectos ligados \u00e0 inova\u00e7\u00e3o nas atividades empresariais, visando dinamizar as muta\u00e7\u00f5es tecnol\u00f3gicas, na busca de solu\u00e7\u00f5es para o setor.<\/p>\n\t\t\t\t\t\t\t\t<\/div>\n\t\t\t\t<\/div>\n\t\t\t\t\t<\/div>\n\t\t<\/div>\n\t\t\t\t\t<\/div>\n\t\t<\/section>\n\t\t\t\t<section class=\"elementor-section elementor-top-section elementor-element elementor-element-d115b6f elementor-section-boxed elementor-section-height-default elementor-section-height-default\" data-id=\"d115b6f\" data-element_type=\"section\" data-e-type=\"section\">\n\t\t\t\t\t\t<div class=\"elementor-container elementor-column-gap-default\">\n\t\t\t\t\t<div class=\"elementor-column elementor-col-20 elementor-top-column elementor-element elementor-element-3d2ce4c\" data-id=\"3d2ce4c\" data-element_type=\"column\" data-e-type=\"column\">\n\t\t\t<div class=\"elementor-widget-wrap\">\n\t\t\t\t\t\t\t<\/div>\n\t\t<\/div>\n\t\t\t\t<div class=\"elementor-column elementor-col-20 elementor-top-column elementor-element elementor-element-3d38dba\" data-id=\"3d38dba\" data-element_type=\"column\" data-e-type=\"column\">\n\t\t\t<div class=\"elementor-widget-wrap elementor-element-populated\">\n\t\t\t\t\t\t<div class=\"elementor-element elementor-element-54641ea elementor-widget__width-initial elementor-widget elementor-widget-image\" data-id=\"54641ea\" data-element_type=\"widget\" data-e-type=\"widget\" data-widget_type=\"image.default\">\n\t\t\t\t<div class=\"elementor-widget-container\">\n\t\t\t\t\t\t\t\t\t\t\t\t\t\t\t<img decoding=\"async\" src=\"https:\/\/acrj.org.br\/wp-content\/uploads\/elementor\/thumbs\/JULIO-CESAR-URDANGARIN-qmw8gqdjg39f488pj5jmecxdlc96ix3x3jp69a22io.png\" title=\"JULIO CESAR URDANGARIN\" alt=\"Julio Urdangarin, presidente do Conselho Empresarial de Inova\u00e7\u00e3o, Transforma\u00e7\u00e3o Digital e Tecnologia da ACRJ\" loading=\"lazy\" \/>\t\t\t\t\t\t\t\t\t\t\t\t\t\t\t<\/div>\n\t\t\t\t<\/div>\n\t\t\t\t<div class=\"elementor-element elementor-element-48c7404 elementor-widget__width-initial elementor-absolute elementor-widget elementor-widget-image\" data-id=\"48c7404\" data-element_type=\"widget\" data-e-type=\"widget\" data-settings=\"{&quot;_position&quot;:&quot;absolute&quot;}\" data-widget_type=\"image.default\">\n\t\t\t\t<div class=\"elementor-widget-container\">\n\t\t\t\t\t\t\t\t\t\t\t\t\t\t\t<img decoding=\"async\" width=\"94\" height=\"245\" src=\"https:\/\/acrj.org.br\/wp-content\/uploads\/2020\/02\/firula1_conselho.png\" class=\"attachment-medium size-medium wp-image-268\" alt=\"\" \/>\t\t\t\t\t\t\t\t\t\t\t\t\t\t\t<\/div>\n\t\t\t\t<\/div>\n\t\t\t\t<div class=\"elementor-element elementor-element-5d92028 elementor-absolute conselhos elementor-widget elementor-widget-text-editor\" data-id=\"5d92028\" data-element_type=\"widget\" data-e-type=\"widget\" data-settings=\"{&quot;_position&quot;:&quot;absolute&quot;}\" data-widget_type=\"text-editor.default\">\n\t\t\t\t<div class=\"elementor-widget-container\">\n\t\t\t\t\t\t\t\t\t<h2>JULIO URDANGARIN\u00a0<\/h2>\n<p>PRESIDENTE<\/p>\t\t\t\t\t\t\t\t<\/div>\n\t\t\t\t<\/div>\n\t\t\t\t<div class=\"elementor-element elementor-element-7dda74d elementor-widget elementor-widget-spacer\" data-id=\"7dda74d\" data-element_type=\"widget\" data-e-type=\"widget\" data-widget_type=\"spacer.default\">\n\t\t\t\t<div class=\"elementor-widget-container\">\n\t\t\t\t\t\t\t<div class=\"elementor-spacer\">\n\t\t\t<div class=\"elementor-spacer-inner\"><\/div>\n\t\t<\/div>\n\t\t\t\t\t\t<\/div>\n\t\t\t\t<\/div>\n\t\t\t\t\t<\/div>\n\t\t<\/div>\n\t\t\t\t<div class=\"elementor-column elementor-col-20 elementor-top-column elementor-element elementor-element-1db81c7\" data-id=\"1db81c7\" data-element_type=\"column\" data-e-type=\"column\">\n\t\t\t<div class=\"elementor-widget-wrap\">\n\t\t\t\t\t\t\t<\/div>\n\t\t<\/div>\n\t\t\t\t<div class=\"elementor-column elementor-col-20 elementor-top-column elementor-element elementor-element-2133fa8\" data-id=\"2133fa8\" data-element_type=\"column\" data-e-type=\"column\">\n\t\t\t<div class=\"elementor-widget-wrap elementor-element-populated\">\n\t\t\t\t\t\t<div class=\"elementor-element elementor-element-5659f2d elementor-widget__width-initial elementor-widget elementor-widget-image\" data-id=\"5659f2d\" data-element_type=\"widget\" data-e-type=\"widget\" data-widget_type=\"image.default\">\n\t\t\t\t<div class=\"elementor-widget-container\">\n\t\t\t\t\t\t\t\t\t\t\t\t\t\t\t<img decoding=\"async\" src=\"https:\/\/acrj.org.br\/wp-content\/uploads\/elementor\/thumbs\/Augusto-Archer-qxode34dxn1s0bukrmphunvfo0b8t6w9bvycndcmrk.png\" title=\"Augusto Archer\" alt=\"Augusto Archer\" loading=\"lazy\" \/>\t\t\t\t\t\t\t\t\t\t\t\t\t\t\t<\/div>\n\t\t\t\t<\/div>\n\t\t\t\t<div class=\"elementor-element elementor-element-6f4a983 elementor-widget elementor-widget-spacer\" data-id=\"6f4a983\" data-element_type=\"widget\" data-e-type=\"widget\" data-widget_type=\"spacer.default\">\n\t\t\t\t<div class=\"elementor-widget-container\">\n\t\t\t\t\t\t\t<div class=\"elementor-spacer\">\n\t\t\t<div class=\"elementor-spacer-inner\"><\/div>\n\t\t<\/div>\n\t\t\t\t\t\t<\/div>\n\t\t\t\t<\/div>\n\t\t\t\t<div class=\"elementor-element elementor-element-a305993 elementor-absolute conselhos elementor-widget elementor-widget-text-editor\" data-id=\"a305993\" data-element_type=\"widget\" data-e-type=\"widget\" data-settings=\"{&quot;_position&quot;:&quot;absolute&quot;}\" data-widget_type=\"text-editor.default\">\n\t\t\t\t<div class=\"elementor-widget-container\">\n\t\t\t\t\t\t\t\t\t<h2><a href=\"https:\/\/acrj.org.br\/index.php\/2024\/11\/27\/augusto-archer\/\">Augusto Archer<\/a><\/h2>\n<p>Vice-Presidente<\/p>\t\t\t\t\t\t\t\t<\/div>\n\t\t\t\t<\/div>\n\t\t\t\t<div class=\"elementor-element elementor-element-fb7b926 elementor-widget__width-initial elementor-absolute elementor-widget elementor-widget-image\" data-id=\"fb7b926\" data-element_type=\"widget\" data-e-type=\"widget\" data-settings=\"{&quot;_position&quot;:&quot;absolute&quot;}\" data-widget_type=\"image.default\">\n\t\t\t\t<div class=\"elementor-widget-container\">\n\t\t\t\t\t\t\t\t\t\t\t\t\t\t\t<img decoding=\"async\" width=\"94\" height=\"245\" src=\"https:\/\/acrj.org.br\/wp-content\/uploads\/2020\/02\/firula1_conselho.png\" class=\"attachment-medium size-medium wp-image-268\" alt=\"\" \/>\t\t\t\t\t\t\t\t\t\t\t\t\t\t\t<\/div>\n\t\t\t\t<\/div>\n\t\t\t\t\t<\/div>\n\t\t<\/div>\n\t\t\t\t<div class=\"elementor-column elementor-col-20 elementor-top-column elementor-element elementor-element-b118d9d\" data-id=\"b118d9d\" data-element_type=\"column\" data-e-type=\"column\">\n\t\t\t<div class=\"elementor-widget-wrap\">\n\t\t\t\t\t\t\t<\/div>\n\t\t<\/div>\n\t\t\t\t\t<\/div>\n\t\t<\/section>\n\t\t\t\t<section class=\"elementor-section elementor-top-section elementor-element elementor-element-491d791 elementor-section-boxed elementor-section-height-default elementor-section-height-default\" data-id=\"491d791\" data-element_type=\"section\" data-e-type=\"section\">\n\t\t\t\t\t\t<div class=\"elementor-container elementor-column-gap-default\">\n\t\t\t\t\t<div class=\"elementor-column elementor-col-100 elementor-top-column elementor-element elementor-element-882f955\" data-id=\"882f955\" data-element_type=\"column\" data-e-type=\"column\">\n\t\t\t<div class=\"elementor-widget-wrap elementor-element-populated\">\n\t\t\t\t\t\t<div class=\"elementor-element elementor-element-3b322df elementor-widget elementor-widget-heading\" data-id=\"3b322df\" data-element_type=\"widget\" data-e-type=\"widget\" data-widget_type=\"heading.default\">\n\t\t\t\t<div class=\"elementor-widget-container\">\n\t\t\t\t\t<h2 class=\"elementor-heading-title elementor-size-default\">MEMBROS DO CONSELHO<\/h2>\t\t\t\t<\/div>\n\t\t\t\t<\/div>\n\t\t\t\t<div class=\"elementor-element elementor-element-d27d14c membros elementor-widget elementor-widget-text-editor\" data-id=\"d27d14c\" data-element_type=\"widget\" data-e-type=\"widget\" data-widget_type=\"text-editor.default\">\n\t\t\t\t<div class=\"elementor-widget-container\">\n\t\t\t\t\t\t\t\t\t<p>Alexandre Chiacchio<\/p>\n<p>\u00c1lvaro Em\u00eddio Macedo Cysneiros<\/p>\n<p>Bruno Silva de Mattos<\/p>\n<p>Carla Cristina da Costa Teixeira<\/p>\n<p>Christina do Canto Lima<\/p>\n<p>Gabriela Lobato Brand\u00e3o Marins<\/p>\n<p>Leonardo de Jesus Melo<\/p>\n<p>Luisangelo Pierre Nunes da Costa<\/p>\n<p>Rafael Soares de Albuquerque<\/p>\n<p>Raphael Gustavo Nascimento\u00a0de\u00a0Oliveira<\/p>\n<p>Victor Rocha<\/p>\t\t\t\t\t\t\t\t<\/div>\n\t\t\t\t<\/div>\n\t\t\t\t<div class=\"elementor-element elementor-element-76b8bd5 elementor-widget elementor-widget-spacer\" data-id=\"76b8bd5\" data-element_type=\"widget\" data-e-type=\"widget\" data-widget_type=\"spacer.default\">\n\t\t\t\t<div class=\"elementor-widget-container\">\n\t\t\t\t\t\t\t<div class=\"elementor-spacer\">\n\t\t\t<div class=\"elementor-spacer-inner\"><\/div>\n\t\t<\/div>\n\t\t\t\t\t\t<\/div>\n\t\t\t\t<\/div>\n\t\t\t\t\t<\/div>\n\t\t<\/div>\n\t\t\t\t\t<\/div>\n\t\t<\/section>\n\t\t\t\t<\/div>\n\t\t","protected":false},"excerpt":{"rendered":"<p>O Conselho\u00a0tem como atribui\u00e7\u00e3o contribuir para disseminar os aspectos ligados \u00e0 inova\u00e7\u00e3o nas atividades empresariais, visando dinamizar as muta\u00e7\u00f5es tecnol\u00f3gicas, na busca de solu\u00e7\u00f5es para&hellip;<\/p>\n","protected":false},"author":9,"featured_media":0,"parent":0,"menu_order":0,"comment_status":"closed","ping_status":"closed","template":"","meta":{"_exactmetrics_skip_tracking":false,"_exactmetrics_sitenote_active":false,"_exactmetrics_sitenote_note":"","_exactmetrics_sitenote_category":0,"footnotes":""},"class_list":["post-224","page","type-page","status-publish","hentry"],"_links":{"self":[{"href":"https:\/\/acrj.org.br\/index.php\/wp-json\/wp\/v2\/pages\/224","targetHints":{"allow":["GET"]}}],"collection":[{"href":"https:\/\/acrj.org.br\/index.php\/wp-json\/wp\/v2\/pages"}],"about":[{"href":"https:\/\/acrj.org.br\/index.php\/wp-json\/wp\/v2\/types\/page"}],"author":[{"embeddable":true,"href":"https:\/\/acrj.org.br\/index.php\/wp-json\/wp\/v2\/users\/9"}],"replies":[{"embeddable":true,"href":"https:\/\/acrj.org.br\/index.php\/wp-json\/wp\/v2\/comments?post=224"}],"version-history":[{"count":0,"href":"https:\/\/acrj.org.br\/index.php\/wp-json\/wp\/v2\/pages\/224\/revisions"}],"wp:attachment":[{"href":"https:\/\/acrj.org.br\/index.php\/wp-json\/wp\/v2\/media?parent=224"}],"curies":[{"name":"wp","href":"https:\/\/api.w.org\/{rel}","templated":true}]}}

CONSELHO EMPRESARIAL DE INOVAÇÃO e TRANSFORMAÇÃO DIGITAL

<div data-elementor-type="wp-page" data-elementor-id="224" class="elementor elementor-224" data-elementor-post-type="page">
						<section class="elementor-section elementor-top-section elementor-element elementor-element-7ae4551 elementor-section-boxed elementor-section-height-default elementor-section-height-default" data-id="7ae4551" data-element_type="section" data-e-type="section">
						<div class="elementor-container elementor-column-gap-default">
					<div class="elementor-column elementor-col-100 elementor-top-column elementor-element elementor-element-4dc8c554" data-id="4dc8c554" data-element_type="column" data-e-type="column">
			<div class="elementor-widget-wrap elementor-element-populated">
						<div class="elementor-element elementor-element-312b982a elementor-widget elementor-widget-text-editor" data-id="312b982a" data-element_type="widget" data-e-type="widget" data-widget_type="text-editor.default">
				<div class="elementor-widget-container">
									
<p>O Conselho tem como atribuição contribuir para disseminar os aspectos ligados à inovação nas atividades empresariais, visando dinamizar as mutações tecnológicas, na busca de soluções para o setor.</p>
								</div>
				</div>
					</div>
		</div>
					</div>
		</section>
				<section class="elementor-section elementor-top-section elementor-element elementor-element-d115b6f elementor-section-boxed elementor-section-height-default elementor-section-height-default" data-id="d115b6f" data-element_type="section" data-e-type="section">
						<div class="elementor-container elementor-column-gap-default">
					<div class="elementor-column elementor-col-20 elementor-top-column elementor-element elementor-element-3d2ce4c" data-id="3d2ce4c" data-element_type="column" data-e-type="column">
			<div class="elementor-widget-wrap">
							</div>
		</div>
				<div class="elementor-column elementor-col-20 elementor-top-column elementor-element elementor-element-3d38dba" data-id="3d38dba" data-element_type="column" data-e-type="column">
			<div class="elementor-widget-wrap elementor-element-populated">
						<div class="elementor-element elementor-element-54641ea elementor-widget__width-initial elementor-widget elementor-widget-image" data-id="54641ea" data-element_type="widget" data-e-type="widget" data-widget_type="image.default">
				<div class="elementor-widget-container">
															<img decoding="async" src="https://acrj.org.br/wp-content/uploads/elementor/thumbs/JULIO-CESAR-URDANGARIN-qmw8gqdjg39f488pj5jmecxdlc96ix3x3jp69a22io.png" title="JULIO CESAR URDANGARIN" alt="Julio Urdangarin, presidente do Conselho Empresarial de Inovação, Transformação Digital e Tecnologia da ACRJ" loading="lazy" />															</div>
				</div>
				<div class="elementor-element elementor-element-48c7404 elementor-widget__width-initial elementor-absolute elementor-widget elementor-widget-image" data-id="48c7404" data-element_type="widget" data-e-type="widget" data-settings="{&quot;_position&quot;:&quot;absolute&quot;}" data-widget_type="image.default">
				<div class="elementor-widget-container">
															<img decoding="async" width="94" height="245" src="https://acrj.org.br/wp-content/uploads/2020/02/firula1_conselho.png" class="attachment-medium size-medium wp-image-268" alt="" />															</div>
				</div>
				<div class="elementor-element elementor-element-5d92028 elementor-absolute conselhos elementor-widget elementor-widget-text-editor" data-id="5d92028" data-element_type="widget" data-e-type="widget" data-settings="{&quot;_position&quot;:&quot;absolute&quot;}" data-widget_type="text-editor.default">
				<div class="elementor-widget-container">
									<h2>JULIO URDANGARIN </h2>
<p>PRESIDENTE</p>								</div>
				</div>
				<div class="elementor-element elementor-element-7dda74d elementor-widget elementor-widget-spacer" data-id="7dda74d" data-element_type="widget" data-e-type="widget" data-widget_type="spacer.default">
				<div class="elementor-widget-container">
							<div class="elementor-spacer">
			<div class="elementor-spacer-inner"></div>
		</div>
						</div>
				</div>
					</div>
		</div>
				<div class="elementor-column elementor-col-20 elementor-top-column elementor-element elementor-element-1db81c7" data-id="1db81c7" data-element_type="column" data-e-type="column">
			<div class="elementor-widget-wrap">
							</div>
		</div>
				<div class="elementor-column elementor-col-20 elementor-top-column elementor-element elementor-element-2133fa8" data-id="2133fa8" data-element_type="column" data-e-type="column">
			<div class="elementor-widget-wrap elementor-element-populated">
						<div class="elementor-element elementor-element-5659f2d elementor-widget__width-initial elementor-widget elementor-widget-image" data-id="5659f2d" data-element_type="widget" data-e-type="widget" data-widget_type="image.default">
				<div class="elementor-widget-container">
															<img decoding="async" src="https://acrj.org.br/wp-content/uploads/elementor/thumbs/Augusto-Archer-qxode34dxn1s0bukrmphunvfo0b8t6w9bvycndcmrk.png" title="Augusto Archer" alt="Augusto Archer" loading="lazy" />															</div>
				</div>
				<div class="elementor-element elementor-element-6f4a983 elementor-widget elementor-widget-spacer" data-id="6f4a983" data-element_type="widget" data-e-type="widget" data-widget_type="spacer.default">
				<div class="elementor-widget-container">
							<div class="elementor-spacer">
			<div class="elementor-spacer-inner"></div>
		</div>
						</div>
				</div>
				<div class="elementor-element elementor-element-a305993 elementor-absolute conselhos elementor-widget elementor-widget-text-editor" data-id="a305993" data-element_type="widget" data-e-type="widget" data-settings="{&quot;_position&quot;:&quot;absolute&quot;}" data-widget_type="text-editor.default">
				<div class="elementor-widget-container">
									<h2><a href="https://acrj.org.br/index.php/2024/11/27/augusto-archer/">Augusto Archer</a></h2>
<p>Vice-Presidente</p>								</div>
				</div>
				<div class="elementor-element elementor-element-fb7b926 elementor-widget__width-initial elementor-absolute elementor-widget elementor-widget-image" data-id="fb7b926" data-element_type="widget" data-e-type="widget" data-settings="{&quot;_position&quot;:&quot;absolute&quot;}" data-widget_type="image.default">
				<div class="elementor-widget-container">
															<img decoding="async" width="94" height="245" src="https://acrj.org.br/wp-content/uploads/2020/02/firula1_conselho.png" class="attachment-medium size-medium wp-image-268" alt="" />															</div>
				</div>
					</div>
		</div>
				<div class="elementor-column elementor-col-20 elementor-top-column elementor-element elementor-element-b118d9d" data-id="b118d9d" data-element_type="column" data-e-type="column">
			<div class="elementor-widget-wrap">
							</div>
		</div>
					</div>
		</section>
				<section class="elementor-section elementor-top-section elementor-element elementor-element-491d791 elementor-section-boxed elementor-section-height-default elementor-section-height-default" data-id="491d791" data-element_type="section" data-e-type="section">
						<div class="elementor-container elementor-column-gap-default">
					<div class="elementor-column elementor-col-100 elementor-top-column elementor-element elementor-element-882f955" data-id="882f955" data-element_type="column" data-e-type="column">
			<div class="elementor-widget-wrap elementor-element-populated">
						<div class="elementor-element elementor-element-3b322df elementor-widget elementor-widget-heading" data-id="3b322df" data-element_type="widget" data-e-type="widget" data-widget_type="heading.default">
				<div class="elementor-widget-container">
					<h2 class="elementor-heading-title elementor-size-default">MEMBROS DO CONSELHO</h2>				</div>
				</div>
				<div class="elementor-element elementor-element-d27d14c membros elementor-widget elementor-widget-text-editor" data-id="d27d14c" data-element_type="widget" data-e-type="widget" data-widget_type="text-editor.default">
				<div class="elementor-widget-container">
									<p>Alexandre Chiacchio</p>
<p>Álvaro Emídio Macedo Cysneiros</p>
<p>Bruno Silva de Mattos</p>
<p>Carla Cristina da Costa Teixeira</p>
<p>Christina do Canto Lima</p>
<p>Gabriela Lobato Brandão Marins</p>
<p>Leonardo de Jesus Melo</p>
<p>Luisangelo Pierre Nunes da Costa</p>
<p>Rafael Soares de Albuquerque</p>
<p>Raphael Gustavo Nascimento de Oliveira</p>
<p>Victor Rocha</p>								</div>
				</div>
				<div class="elementor-element elementor-element-76b8bd5 elementor-widget elementor-widget-spacer" data-id="76b8bd5" data-element_type="widget" data-e-type="widget" data-widget_type="spacer.default">
				<div class="elementor-widget-container">
							<div class="elementor-spacer">
			<div class="elementor-spacer-inner"></div>
		</div>
						</div>
				</div>
					</div>
		</div>
					</div>
		</section>
				</div>

<p>O Conselho tem como atribuição contribuir para disseminar os aspectos ligados à inovação nas atividades empresariais, visando dinamizar as mutações tecnológicas, na busca de soluções para&hellip;</p>
