{"id":17717,"date":"2023-08-08T19:29:47","date_gmt":"2023-08-08T22:29:47","guid":{"rendered":"https:\/\/acrj.org.br\/?page_id=17717"},"modified":"2025-12-02T17:37:40","modified_gmt":"2025-12-02T20:37:40","slug":"conselho-empresarial-das-comunidades-micro-empreendedorismo-economia-solidaria","status":"publish","type":"page","link":"https:\/\/acrj.org.br\/index.php\/conselho-empresarial-das-comunidades-micro-empreendedorismo-economia-solidaria\/","title":{"rendered":"CONSELHO EMPRESARIAL De Comunidades, Economia Solid\u00e1ria, Microempreendedorismo e Terceiro Setor"},"content":{"rendered":"\t\t<div data-elementor-type=\"wp-page\" data-elementor-id=\"17717\" class=\"elementor elementor-17717\" data-elementor-post-type=\"page\">\n\t\t\t\t\t\t<section class=\"elementor-section elementor-top-section elementor-element elementor-element-bd0df1f elementor-hidden-desktop elementor-hidden-tablet elementor-hidden-mobile elementor-section-boxed elementor-section-height-default elementor-section-height-default\" data-id=\"bd0df1f\" data-element_type=\"section\" data-e-type=\"section\">\n\t\t\t\t\t\t<div class=\"elementor-container elementor-column-gap-default\">\n\t\t\t\t\t<div class=\"elementor-column elementor-col-100 elementor-top-column elementor-element elementor-element-ed80545\" data-id=\"ed80545\" data-element_type=\"column\" data-e-type=\"column\">\n\t\t\t<div class=\"elementor-widget-wrap elementor-element-populated\">\n\t\t\t\t\t\t<div class=\"elementor-element elementor-element-3177a8c elementor-widget elementor-widget-text-editor\" data-id=\"3177a8c\" data-element_type=\"widget\" data-e-type=\"widget\" data-widget_type=\"text-editor.default\">\n\t\t\t\t<div class=\"elementor-widget-container\">\n\t\t\t\t\t\t\t\t\t<p>Seu objetivo \u00e9 fomentar o desenvolvimento e o fortalecimento das micro e pequenas empresas, atrav\u00e9s da promo\u00e7\u00e3o de um ambiente de neg\u00f3cios favor\u00e1vel, visando seu crescimento individual e o desenvolvimento econ\u00f4mico e social como um todo.<\/p>\t\t\t\t\t\t\t\t<\/div>\n\t\t\t\t<\/div>\n\t\t\t\t\t<\/div>\n\t\t<\/div>\n\t\t\t\t\t<\/div>\n\t\t<\/section>\n\t\t\t\t<section class=\"elementor-section elementor-top-section elementor-element elementor-element-99c183b elementor-section-boxed elementor-section-height-default elementor-section-height-default\" data-id=\"99c183b\" data-element_type=\"section\" data-e-type=\"section\">\n\t\t\t\t\t\t<div class=\"elementor-container elementor-column-gap-default\">\n\t\t\t\t\t<div class=\"elementor-column elementor-col-20 elementor-top-column elementor-element elementor-element-ed0e6e1\" data-id=\"ed0e6e1\" data-element_type=\"column\" data-e-type=\"column\">\n\t\t\t<div class=\"elementor-widget-wrap\">\n\t\t\t\t\t\t\t<\/div>\n\t\t<\/div>\n\t\t\t\t<div class=\"elementor-column elementor-col-20 elementor-top-column elementor-element elementor-element-5af3625\" data-id=\"5af3625\" data-element_type=\"column\" data-e-type=\"column\">\n\t\t\t<div class=\"elementor-widget-wrap elementor-element-populated\">\n\t\t\t\t\t\t<div class=\"elementor-element elementor-element-15a9c34 elementor-widget__width-initial elementor-widget elementor-widget-image\" data-id=\"15a9c34\" data-element_type=\"widget\" data-e-type=\"widget\" data-widget_type=\"image.default\">\n\t\t\t\t<div class=\"elementor-widget-container\">\n\t\t\t\t\t\t\t\t\t\t\t\t\t\t\t<img fetchpriority=\"high\" decoding=\"async\" width=\"800\" height=\"800\" src=\"https:\/\/acrj.org.br\/wp-content\/uploads\/2025\/12\/Celia-Domingues-1.png\" class=\"attachment-full size-full wp-image-40636\" alt=\"\" srcset=\"https:\/\/acrj.org.br\/wp-content\/uploads\/2025\/12\/Celia-Domingues-1.png 800w, https:\/\/acrj.org.br\/wp-content\/uploads\/2025\/12\/Celia-Domingues-1-300x300.png 300w, https:\/\/acrj.org.br\/wp-content\/uploads\/2025\/12\/Celia-Domingues-1-150x150.png 150w, https:\/\/acrj.org.br\/wp-content\/uploads\/2025\/12\/Celia-Domingues-1-768x768.png 768w\" sizes=\"(max-width: 800px) 100vw, 800px\" \/>\t\t\t\t\t\t\t\t\t\t\t\t\t\t\t<\/div>\n\t\t\t\t<\/div>\n\t\t\t\t<div class=\"elementor-element elementor-element-9be7f3a elementor-widget__width-initial elementor-absolute elementor-widget elementor-widget-image\" data-id=\"9be7f3a\" data-element_type=\"widget\" data-e-type=\"widget\" data-settings=\"{&quot;_position&quot;:&quot;absolute&quot;}\" data-widget_type=\"image.default\">\n\t\t\t\t<div class=\"elementor-widget-container\">\n\t\t\t\t\t\t\t\t\t\t\t\t\t\t\t<img decoding=\"async\" width=\"94\" height=\"245\" src=\"https:\/\/acrj.org.br\/wp-content\/uploads\/2020\/02\/firula1_conselho.png\" class=\"attachment-medium size-medium wp-image-268\" alt=\"\" \/>\t\t\t\t\t\t\t\t\t\t\t\t\t\t\t<\/div>\n\t\t\t\t<\/div>\n\t\t\t\t<div class=\"elementor-element elementor-element-3fcfd36 elementor-absolute conselhos elementor-widget elementor-widget-text-editor\" data-id=\"3fcfd36\" data-element_type=\"widget\" data-e-type=\"widget\" data-settings=\"{&quot;_position&quot;:&quot;absolute&quot;}\" data-widget_type=\"text-editor.default\">\n\t\t\t\t<div class=\"elementor-widget-container\">\n\t\t\t\t\t\t\t\t\t<h2>C\u00e9lia Domingues<\/h2><p>PRESIDENTE<\/p>\t\t\t\t\t\t\t\t<\/div>\n\t\t\t\t<\/div>\n\t\t\t\t<div class=\"elementor-element elementor-element-07eead4 elementor-widget elementor-widget-spacer\" data-id=\"07eead4\" data-element_type=\"widget\" data-e-type=\"widget\" data-widget_type=\"spacer.default\">\n\t\t\t\t<div class=\"elementor-widget-container\">\n\t\t\t\t\t\t\t<div class=\"elementor-spacer\">\n\t\t\t<div class=\"elementor-spacer-inner\"><\/div>\n\t\t<\/div>\n\t\t\t\t\t\t<\/div>\n\t\t\t\t<\/div>\n\t\t\t\t\t<\/div>\n\t\t<\/div>\n\t\t\t\t<div class=\"elementor-column elementor-col-20 elementor-top-column elementor-element elementor-element-c2a541f\" data-id=\"c2a541f\" data-element_type=\"column\" data-e-type=\"column\">\n\t\t\t<div class=\"elementor-widget-wrap\">\n\t\t\t\t\t\t\t<\/div>\n\t\t<\/div>\n\t\t\t\t<div class=\"elementor-column elementor-col-20 elementor-top-column elementor-element elementor-element-1fe0d3b\" data-id=\"1fe0d3b\" data-element_type=\"column\" data-e-type=\"column\">\n\t\t\t<div class=\"elementor-widget-wrap elementor-element-populated\">\n\t\t\t\t\t\t<div class=\"elementor-element elementor-element-1693219 elementor-widget__width-initial elementor-widget elementor-widget-image\" data-id=\"1693219\" data-element_type=\"widget\" data-e-type=\"widget\" data-widget_type=\"image.default\">\n\t\t\t\t<div class=\"elementor-widget-container\">\n\t\t\t\t\t\t\t\t\t\t\t\t\t\t\t<img decoding=\"async\" width=\"2560\" height=\"2560\" src=\"https:\/\/acrj.org.br\/wp-content\/uploads\/2023\/11\/IMG_0030-scaled.jpg\" class=\"attachment-full size-full wp-image-21647\" alt=\"\" srcset=\"https:\/\/acrj.org.br\/wp-content\/uploads\/2023\/11\/IMG_0030-scaled.jpg 2560w, https:\/\/acrj.org.br\/wp-content\/uploads\/2023\/11\/IMG_0030-300x300.jpg 300w, https:\/\/acrj.org.br\/wp-content\/uploads\/2023\/11\/IMG_0030-scaled-100x100.jpg 100w, https:\/\/acrj.org.br\/wp-content\/uploads\/2023\/11\/IMG_0030-scaled-600x600.jpg 600w, https:\/\/acrj.org.br\/wp-content\/uploads\/2023\/11\/IMG_0030-1024x1024.jpg 1024w, https:\/\/acrj.org.br\/wp-content\/uploads\/2023\/11\/IMG_0030-150x150.jpg 150w, https:\/\/acrj.org.br\/wp-content\/uploads\/2023\/11\/IMG_0030-768x768.jpg 768w, https:\/\/acrj.org.br\/wp-content\/uploads\/2023\/11\/IMG_0030-1536x1536.jpg 1536w, https:\/\/acrj.org.br\/wp-content\/uploads\/2023\/11\/IMG_0030-2048x2048.jpg 2048w, https:\/\/acrj.org.br\/wp-content\/uploads\/2023\/11\/elementor\/thumbs\/IMG_0030-scaled-qfh10j3pgme3vyluhhih8ibfwfveaeb7koqmsqthds.jpg 800w\" sizes=\"(max-width: 2560px) 100vw, 2560px\" \/>\t\t\t\t\t\t\t\t\t\t\t\t\t\t\t<\/div>\n\t\t\t\t<\/div>\n\t\t\t\t<div class=\"elementor-element elementor-element-fbefb5e elementor-widget elementor-widget-spacer\" data-id=\"fbefb5e\" data-element_type=\"widget\" data-e-type=\"widget\" data-widget_type=\"spacer.default\">\n\t\t\t\t<div class=\"elementor-widget-container\">\n\t\t\t\t\t\t\t<div class=\"elementor-spacer\">\n\t\t\t<div class=\"elementor-spacer-inner\"><\/div>\n\t\t<\/div>\n\t\t\t\t\t\t<\/div>\n\t\t\t\t<\/div>\n\t\t\t\t<div class=\"elementor-element elementor-element-8d6136c elementor-absolute conselhos elementor-widget elementor-widget-text-editor\" data-id=\"8d6136c\" data-element_type=\"widget\" data-e-type=\"widget\" data-settings=\"{&quot;_position&quot;:&quot;absolute&quot;}\" data-widget_type=\"text-editor.default\">\n\t\t\t\t<div class=\"elementor-widget-container\">\n\t\t\t\t\t\t\t\t\t<h2>Victor Mota<\/h2><p>Vice-Presidente<\/p>\t\t\t\t\t\t\t\t<\/div>\n\t\t\t\t<\/div>\n\t\t\t\t<div class=\"elementor-element elementor-element-be3ad99 elementor-widget__width-initial elementor-absolute elementor-widget elementor-widget-image\" data-id=\"be3ad99\" data-element_type=\"widget\" data-e-type=\"widget\" data-settings=\"{&quot;_position&quot;:&quot;absolute&quot;}\" data-widget_type=\"image.default\">\n\t\t\t\t<div class=\"elementor-widget-container\">\n\t\t\t\t\t\t\t\t\t\t\t\t\t\t\t<img decoding=\"async\" width=\"94\" height=\"245\" src=\"https:\/\/acrj.org.br\/wp-content\/uploads\/2020\/02\/firula1_conselho.png\" class=\"attachment-medium size-medium wp-image-268\" alt=\"\" \/>\t\t\t\t\t\t\t\t\t\t\t\t\t\t\t<\/div>\n\t\t\t\t<\/div>\n\t\t\t\t\t<\/div>\n\t\t<\/div>\n\t\t\t\t<div class=\"elementor-column elementor-col-20 elementor-top-column elementor-element elementor-element-562d6cc\" data-id=\"562d6cc\" data-element_type=\"column\" data-e-type=\"column\">\n\t\t\t<div class=\"elementor-widget-wrap\">\n\t\t\t\t\t\t\t<\/div>\n\t\t<\/div>\n\t\t\t\t\t<\/div>\n\t\t<\/section>\n\t\t\t\t<section class=\"elementor-section elementor-top-section elementor-element elementor-element-b60d9de elementor-section-boxed elementor-section-height-default elementor-section-height-default\" data-id=\"b60d9de\" data-element_type=\"section\" data-e-type=\"section\">\n\t\t\t\t\t\t<div class=\"elementor-container elementor-column-gap-default\">\n\t\t\t\t\t<div class=\"elementor-column elementor-col-100 elementor-top-column elementor-element elementor-element-d544311\" data-id=\"d544311\" data-element_type=\"column\" data-e-type=\"column\">\n\t\t\t<div class=\"elementor-widget-wrap elementor-element-populated\">\n\t\t\t\t\t\t<div class=\"elementor-element elementor-element-e69ec5f elementor-widget elementor-widget-heading\" data-id=\"e69ec5f\" data-element_type=\"widget\" data-e-type=\"widget\" data-widget_type=\"heading.default\">\n\t\t\t\t<div class=\"elementor-widget-container\">\n\t\t\t\t\t<h2 class=\"elementor-heading-title elementor-size-default\">MEMBROS DO CONSELHO<\/h2>\t\t\t\t<\/div>\n\t\t\t\t<\/div>\n\t\t\t\t<div class=\"elementor-element elementor-element-f053825 membros elementor-widget elementor-widget-text-editor\" data-id=\"f053825\" data-element_type=\"widget\" data-e-type=\"widget\" data-widget_type=\"text-editor.default\">\n\t\t\t\t<div class=\"elementor-widget-container\">\n\t\t\t\t\t\t\t\t\t<p>Ana Paula Lopes<\/p><p>Fernanda Cristina Duarte da Silva Braga<\/p><p>Giovane Oliveira Vieira<\/p><p>Irineia Pereira<\/p><p>Joelma Maria dos Santos Alcantara<\/p><p>K\u00e1tia Costa Ribeiro<\/p><p>M\u00e1rcia Rossi<\/p><p>Priscila Teodoro de Almeida<\/p><p>Rodrigo Domingues Souza<\/p><p>Rosamary Cristiane Oliveira da Silva<\/p><p>Rosangela Soares Barbosa<\/p><p>Sandra Maria Barbosa Albuquerque<\/p><p>S\u00edlvia Costa da Costa<\/p><p>Vinicius Santos Fonseca<\/p><p>Vivian Longobardi da Rosa<\/p>\t\t\t\t\t\t\t\t<\/div>\n\t\t\t\t<\/div>\n\t\t\t\t\t<\/div>\n\t\t<\/div>\n\t\t\t\t\t<\/div>\n\t\t<\/section>\n\t\t\t\t<\/div>\n\t\t","protected":false},"excerpt":{"rendered":"<p>Seu objetivo \u00e9 fomentar o desenvolvimento e o fortalecimento das micro e pequenas empresas, atrav\u00e9s da promo\u00e7\u00e3o de um ambiente de neg\u00f3cios favor\u00e1vel, visando seu&hellip;<\/p>\n","protected":false},"author":9,"featured_media":0,"parent":0,"menu_order":0,"comment_status":"closed","ping_status":"closed","template":"","meta":{"_exactmetrics_skip_tracking":false,"_exactmetrics_sitenote_active":false,"_exactmetrics_sitenote_note":"","_exactmetrics_sitenote_category":0,"footnotes":""},"class_list":["post-17717","page","type-page","status-publish","hentry"],"_links":{"self":[{"href":"https:\/\/acrj.org.br\/index.php\/wp-json\/wp\/v2\/pages\/17717","targetHints":{"allow":["GET"]}}],"collection":[{"href":"https:\/\/acrj.org.br\/index.php\/wp-json\/wp\/v2\/pages"}],"about":[{"href":"https:\/\/acrj.org.br\/index.php\/wp-json\/wp\/v2\/types\/page"}],"author":[{"embeddable":true,"href":"https:\/\/acrj.org.br\/index.php\/wp-json\/wp\/v2\/users\/9"}],"replies":[{"embeddable":true,"href":"https:\/\/acrj.org.br\/index.php\/wp-json\/wp\/v2\/comments?post=17717"}],"version-history":[{"count":0,"href":"https:\/\/acrj.org.br\/index.php\/wp-json\/wp\/v2\/pages\/17717\/revisions"}],"wp:attachment":[{"href":"https:\/\/acrj.org.br\/index.php\/wp-json\/wp\/v2\/media?parent=17717"}],"curies":[{"name":"wp","href":"https:\/\/api.w.org\/{rel}","templated":true}]}}