{"id":172,"date":"2020-02-06T10:09:09","date_gmt":"2020-02-06T13:09:09","guid":{"rendered":"http:\/\/acrj2020.profissional.ws\/?page_id=172"},"modified":"2026-02-25T21:06:20","modified_gmt":"2026-02-26T00:06:20","slug":"empresarial-da-economia-prateada","status":"publish","type":"page","link":"https:\/\/acrj.org.br\/index.php\/empresarial-da-economia-prateada\/","title":{"rendered":"CONSELHO EMPRESARIAL Da Economia Prateada e da Longevidade"},"content":{"rendered":"\t\t<div data-elementor-type=\"wp-page\" data-elementor-id=\"172\" class=\"elementor elementor-172\" data-elementor-post-type=\"page\">\n\t\t\t\t\t\t<section class=\"elementor-section elementor-top-section elementor-element elementor-element-1d34e30 elementor-section-boxed elementor-section-height-default elementor-section-height-default\" data-id=\"1d34e30\" data-element_type=\"section\" data-e-type=\"section\">\n\t\t\t\t\t\t<div class=\"elementor-container elementor-column-gap-default\">\n\t\t\t\t\t<div class=\"elementor-column elementor-col-100 elementor-top-column elementor-element elementor-element-4166e23\" data-id=\"4166e23\" data-element_type=\"column\" data-e-type=\"column\">\n\t\t\t<div class=\"elementor-widget-wrap elementor-element-populated\">\n\t\t\t\t\t\t<div class=\"elementor-element elementor-element-5738b01 elementor-widget elementor-widget-text-editor\" data-id=\"5738b01\" data-element_type=\"widget\" data-e-type=\"widget\" data-widget_type=\"text-editor.default\">\n\t\t\t\t<div class=\"elementor-widget-container\">\n\t\t\t\t\t\t\t\t\t<p>Tem como objetivos fomentar o conhecimento sobre o envelhecimento da popula\u00e7\u00e3o, de seu impacto na sociedade e na economia, e estimular iniciativas p\u00fablicas e privadas que preparem os associados, o ambiente corporativo, a iniciativa privada e o Estado para uma sociedade mais inclusiva, com mais servi\u00e7os e empreendimentos que tragam bem-estar e dignidade \u00e0 popula\u00e7\u00e3o idosa, e que formem a base para um futuro sustent\u00e1vel para todas as gera\u00e7\u00f5es.<\/p>\t\t\t\t\t\t\t\t<\/div>\n\t\t\t\t<\/div>\n\t\t\t\t\t<\/div>\n\t\t<\/div>\n\t\t\t\t\t<\/div>\n\t\t<\/section>\n\t\t\t\t<section class=\"elementor-section elementor-top-section elementor-element elementor-element-f0559dd elementor-section-boxed elementor-section-height-default elementor-section-height-default\" data-id=\"f0559dd\" data-element_type=\"section\" data-e-type=\"section\">\n\t\t\t\t\t\t<div class=\"elementor-container elementor-column-gap-default\">\n\t\t\t\t\t<div class=\"elementor-column elementor-col-20 elementor-top-column elementor-element elementor-element-c2c5e23\" data-id=\"c2c5e23\" data-element_type=\"column\" data-e-type=\"column\">\n\t\t\t<div class=\"elementor-widget-wrap\">\n\t\t\t\t\t\t\t<\/div>\n\t\t<\/div>\n\t\t\t\t<div class=\"elementor-column elementor-col-20 elementor-top-column elementor-element elementor-element-e9d74fb\" data-id=\"e9d74fb\" data-element_type=\"column\" data-e-type=\"column\">\n\t\t\t<div class=\"elementor-widget-wrap elementor-element-populated\">\n\t\t\t\t\t\t<div class=\"elementor-element elementor-element-d29b05f elementor-widget__width-initial elementor-widget elementor-widget-image\" data-id=\"d29b05f\" data-element_type=\"widget\" data-e-type=\"widget\" data-widget_type=\"image.default\">\n\t\t\t\t<div class=\"elementor-widget-container\">\n\t\t\t\t\t\t\t\t\t\t\t\t\t\t\t<img decoding=\"async\" src=\"https:\/\/acrj.org.br\/wp-content\/uploads\/elementor\/thumbs\/Fernando-Potsch-renk978m3ehxhrvpx25jyp8w5uvtxmcqeapx0c614w.png\" title=\"Fernando Potsch\" alt=\"Fernando Potsch\" loading=\"lazy\" \/>\t\t\t\t\t\t\t\t\t\t\t\t\t\t\t<\/div>\n\t\t\t\t<\/div>\n\t\t\t\t<div class=\"elementor-element elementor-element-1f90564 elementor-widget__width-initial elementor-absolute elementor-widget elementor-widget-image\" data-id=\"1f90564\" data-element_type=\"widget\" data-e-type=\"widget\" data-settings=\"{&quot;_position&quot;:&quot;absolute&quot;}\" data-widget_type=\"image.default\">\n\t\t\t\t<div class=\"elementor-widget-container\">\n\t\t\t\t\t\t\t\t\t\t\t\t\t\t\t<img decoding=\"async\" width=\"94\" height=\"245\" src=\"https:\/\/acrj.org.br\/wp-content\/uploads\/2020\/02\/firula1_conselho.png\" class=\"attachment-medium size-medium wp-image-268\" alt=\"\" \/>\t\t\t\t\t\t\t\t\t\t\t\t\t\t\t<\/div>\n\t\t\t\t<\/div>\n\t\t\t\t<div class=\"elementor-element elementor-element-03f68d9 elementor-absolute conselhos elementor-widget elementor-widget-text-editor\" data-id=\"03f68d9\" data-element_type=\"widget\" data-e-type=\"widget\" data-settings=\"{&quot;_position&quot;:&quot;absolute&quot;}\" data-widget_type=\"text-editor.default\">\n\t\t\t\t<div class=\"elementor-widget-container\">\n\t\t\t\t\t\t\t\t\t<h2>Fernando Potsch<\/h2><p>PRESIDENTE<\/p>\t\t\t\t\t\t\t\t<\/div>\n\t\t\t\t<\/div>\n\t\t\t\t<div class=\"elementor-element elementor-element-5114449 elementor-widget elementor-widget-spacer\" data-id=\"5114449\" data-element_type=\"widget\" data-e-type=\"widget\" data-widget_type=\"spacer.default\">\n\t\t\t\t<div class=\"elementor-widget-container\">\n\t\t\t\t\t\t\t<div class=\"elementor-spacer\">\n\t\t\t<div class=\"elementor-spacer-inner\"><\/div>\n\t\t<\/div>\n\t\t\t\t\t\t<\/div>\n\t\t\t\t<\/div>\n\t\t\t\t\t<\/div>\n\t\t<\/div>\n\t\t\t\t<div class=\"elementor-column elementor-col-20 elementor-top-column elementor-element elementor-element-833899a\" data-id=\"833899a\" data-element_type=\"column\" data-e-type=\"column\">\n\t\t\t<div class=\"elementor-widget-wrap\">\n\t\t\t\t\t\t\t<\/div>\n\t\t<\/div>\n\t\t\t\t<div class=\"elementor-column elementor-col-20 elementor-top-column elementor-element elementor-element-e91c4c7\" data-id=\"e91c4c7\" data-element_type=\"column\" data-e-type=\"column\">\n\t\t\t<div class=\"elementor-widget-wrap elementor-element-populated\">\n\t\t\t\t\t\t<div class=\"elementor-element elementor-element-b3e3d7b elementor-widget__width-initial elementor-widget elementor-widget-image\" data-id=\"b3e3d7b\" data-element_type=\"widget\" data-e-type=\"widget\" data-widget_type=\"image.default\">\n\t\t\t\t<div class=\"elementor-widget-container\">\n\t\t\t\t\t\t\t\t\t\t\t\t\t\t\t<img decoding=\"async\" src=\"https:\/\/acrj.org.br\/wp-content\/uploads\/elementor\/thumbs\/Jose-Waldir-de-Vasconcelos-Leopercio-Junior-renk9a24nwlsglrmgldfo6j9y0hxkpnxeoodg61um8.png\" title=\"Jos\u00e9 Waldir de Vasconcelos Leop\u00e9rcio Junior\" alt=\"Jos\u00e9 Waldir de Vasconcelos Leop\u00e9rcio Junior\" loading=\"lazy\" \/>\t\t\t\t\t\t\t\t\t\t\t\t\t\t\t<\/div>\n\t\t\t\t<\/div>\n\t\t\t\t<div class=\"elementor-element elementor-element-28c166e elementor-widget elementor-widget-spacer\" data-id=\"28c166e\" data-element_type=\"widget\" data-e-type=\"widget\" data-widget_type=\"spacer.default\">\n\t\t\t\t<div class=\"elementor-widget-container\">\n\t\t\t\t\t\t\t<div class=\"elementor-spacer\">\n\t\t\t<div class=\"elementor-spacer-inner\"><\/div>\n\t\t<\/div>\n\t\t\t\t\t\t<\/div>\n\t\t\t\t<\/div>\n\t\t\t\t<div class=\"elementor-element elementor-element-9aeb040 elementor-absolute conselhos elementor-widget elementor-widget-text-editor\" data-id=\"9aeb040\" data-element_type=\"widget\" data-e-type=\"widget\" data-settings=\"{&quot;_position&quot;:&quot;absolute&quot;}\" data-widget_type=\"text-editor.default\">\n\t\t\t\t<div class=\"elementor-widget-container\">\n\t\t\t\t\t\t\t\t\t<h2>Jos\u00e9 Waldir de Vasconcelos Leop\u00e9rcio Junior<\/h2><p>Vice-Presidente<\/p>\t\t\t\t\t\t\t\t<\/div>\n\t\t\t\t<\/div>\n\t\t\t\t<div class=\"elementor-element elementor-element-cfd706f elementor-widget__width-initial elementor-absolute elementor-widget elementor-widget-image\" data-id=\"cfd706f\" data-element_type=\"widget\" data-e-type=\"widget\" data-settings=\"{&quot;_position&quot;:&quot;absolute&quot;}\" data-widget_type=\"image.default\">\n\t\t\t\t<div class=\"elementor-widget-container\">\n\t\t\t\t\t\t\t\t\t\t\t\t\t\t\t<img decoding=\"async\" width=\"94\" height=\"245\" src=\"https:\/\/acrj.org.br\/wp-content\/uploads\/2020\/02\/firula1_conselho.png\" class=\"attachment-medium size-medium wp-image-268\" alt=\"\" \/>\t\t\t\t\t\t\t\t\t\t\t\t\t\t\t<\/div>\n\t\t\t\t<\/div>\n\t\t\t\t\t<\/div>\n\t\t<\/div>\n\t\t\t\t<div class=\"elementor-column elementor-col-20 elementor-top-column elementor-element elementor-element-5105180\" data-id=\"5105180\" data-element_type=\"column\" data-e-type=\"column\">\n\t\t\t<div class=\"elementor-widget-wrap\">\n\t\t\t\t\t\t\t<\/div>\n\t\t<\/div>\n\t\t\t\t\t<\/div>\n\t\t<\/section>\n\t\t\t\t<section class=\"elementor-section elementor-top-section elementor-element elementor-element-61db49b elementor-section-boxed elementor-section-height-default elementor-section-height-default\" data-id=\"61db49b\" data-element_type=\"section\" data-e-type=\"section\">\n\t\t\t\t\t\t<div class=\"elementor-container elementor-column-gap-default\">\n\t\t\t\t\t<div class=\"elementor-column elementor-col-100 elementor-top-column elementor-element elementor-element-717b643\" data-id=\"717b643\" data-element_type=\"column\" data-e-type=\"column\">\n\t\t\t<div class=\"elementor-widget-wrap elementor-element-populated\">\n\t\t\t\t\t\t<div class=\"elementor-element elementor-element-12cc460 elementor-widget elementor-widget-heading\" data-id=\"12cc460\" data-element_type=\"widget\" data-e-type=\"widget\" data-widget_type=\"heading.default\">\n\t\t\t\t<div class=\"elementor-widget-container\">\n\t\t\t\t\t<h2 class=\"elementor-heading-title elementor-size-default\">MEMBROS DO CONSELHO<\/h2>\t\t\t\t<\/div>\n\t\t\t\t<\/div>\n\t\t\t\t<div class=\"elementor-element elementor-element-0d7c60d membros elementor-widget elementor-widget-text-editor\" data-id=\"0d7c60d\" data-element_type=\"widget\" data-e-type=\"widget\" data-widget_type=\"text-editor.default\">\n\t\t\t\t<div class=\"elementor-widget-container\">\n\t\t\t\t\t\t\t\t\t<p>Adilson Dias Oliveira<\/p><p>Alexandre Chiacchio<\/p><p>Alexandre Craveiro Rold\u00e3o<\/p><p>Anamar Miranda Lacerda<\/p><p>Beatriz Bergamini Cavalcante Gomes Coelho<\/p><p>Betty Dabkiewicz<\/p><p>Carlos Alberto Siqueira Gomes<\/p><p>Carlos Eduardo Saraiva Molina<\/p><p>Cezar Kirszenblatt<\/p><p>Edmundo Sergio Fornasari<\/p><p>Jacqueline Sert\u00e3 Costa<\/p><p>Jo\u00e3o Paulo Pedrosa Costa<\/p><p>Luciana Lopes Castro e Silva Fernandez<\/p><p>Luis Jairo de Souza Junior<\/p><p>Luiz Carlos Affonso<\/p><p>Marcia Santos Ribeiro<\/p><p>Marcio Antonio de Carolis Ferretti<\/p><p>M\u00e1rio Pereira Lopes<\/p><p>Marta Correia de Oliveira<\/p><p>Marta Maria Ferreira Arakaki<\/p><p>Mauricio de Souza Tavares<\/p><p>Mauro Wainstock<\/p><p>Paulo Manoel Lenz Cesar Protasio<\/p><p>Raul Simas de Oliveira J\u00fanior<\/p><p>Tathiana Tavares Couto Baptista<\/p><p>Tatiana Melamed Krawczenko<\/p>\t\t\t\t\t\t\t\t<\/div>\n\t\t\t\t<\/div>\n\t\t\t\t\t<\/div>\n\t\t<\/div>\n\t\t\t\t\t<\/div>\n\t\t<\/section>\n\t\t\t\t<section class=\"elementor-section elementor-top-section elementor-element elementor-element-2cd12ad elementor-section-boxed elementor-section-height-default elementor-section-height-default\" data-id=\"2cd12ad\" data-element_type=\"section\" data-e-type=\"section\">\n\t\t\t\t\t\t<div class=\"elementor-container elementor-column-gap-default\">\n\t\t\t\t\t<div class=\"elementor-column elementor-col-100 elementor-top-column elementor-element elementor-element-032cf67\" data-id=\"032cf67\" data-element_type=\"column\" data-e-type=\"column\">\n\t\t\t<div class=\"elementor-widget-wrap elementor-element-populated\">\n\t\t\t\t\t\t<div class=\"elementor-element elementor-element-6055449 elementor-widget elementor-widget-spacer\" data-id=\"6055449\" data-element_type=\"widget\" data-e-type=\"widget\" data-widget_type=\"spacer.default\">\n\t\t\t\t<div class=\"elementor-widget-container\">\n\t\t\t\t\t\t\t<div class=\"elementor-spacer\">\n\t\t\t<div class=\"elementor-spacer-inner\"><\/div>\n\t\t<\/div>\n\t\t\t\t\t\t<\/div>\n\t\t\t\t<\/div>\n\t\t\t\t\t<\/div>\n\t\t<\/div>\n\t\t\t\t\t<\/div>\n\t\t<\/section>\n\t\t\t\t<\/div>\n\t\t","protected":false},"excerpt":{"rendered":"<p>Tem como objetivos fomentar o conhecimento sobre o envelhecimento da popula\u00e7\u00e3o, de seu impacto na sociedade e na economia, e estimular iniciativas p\u00fablicas e privadas&hellip;<\/p>\n","protected":false},"author":9,"featured_media":0,"parent":0,"menu_order":0,"comment_status":"closed","ping_status":"closed","template":"","meta":{"_exactmetrics_skip_tracking":false,"_exactmetrics_sitenote_active":false,"_exactmetrics_sitenote_note":"","_exactmetrics_sitenote_category":0,"footnotes":""},"class_list":["post-172","page","type-page","status-publish","hentry"],"_links":{"self":[{"href":"https:\/\/acrj.org.br\/index.php\/wp-json\/wp\/v2\/pages\/172","targetHints":{"allow":["GET"]}}],"collection":[{"href":"https:\/\/acrj.org.br\/index.php\/wp-json\/wp\/v2\/pages"}],"about":[{"href":"https:\/\/acrj.org.br\/index.php\/wp-json\/wp\/v2\/types\/page"}],"author":[{"embeddable":true,"href":"https:\/\/acrj.org.br\/index.php\/wp-json\/wp\/v2\/users\/9"}],"replies":[{"embeddable":true,"href":"https:\/\/acrj.org.br\/index.php\/wp-json\/wp\/v2\/comments?post=172"}],"version-history":[{"count":9,"href":"https:\/\/acrj.org.br\/index.php\/wp-json\/wp\/v2\/pages\/172\/revisions"}],"predecessor-version":[{"id":41836,"href":"https:\/\/acrj.org.br\/index.php\/wp-json\/wp\/v2\/pages\/172\/revisions\/41836"}],"wp:attachment":[{"href":"https:\/\/acrj.org.br\/index.php\/wp-json\/wp\/v2\/media?parent=172"}],"curies":[{"name":"wp","href":"https:\/\/api.w.org\/{rel}","templated":true}]}}

<div data-elementor-type="wp-page" data-elementor-id="172" class="elementor elementor-172" data-elementor-post-type="page">
						<section class="elementor-section elementor-top-section elementor-element elementor-element-1d34e30 elementor-section-boxed elementor-section-height-default elementor-section-height-default" data-id="1d34e30" data-element_type="section" data-e-type="section">
						<div class="elementor-container elementor-column-gap-default">
					<div class="elementor-column elementor-col-100 elementor-top-column elementor-element elementor-element-4166e23" data-id="4166e23" data-element_type="column" data-e-type="column">
			<div class="elementor-widget-wrap elementor-element-populated">
						<div class="elementor-element elementor-element-5738b01 elementor-widget elementor-widget-text-editor" data-id="5738b01" data-element_type="widget" data-e-type="widget" data-widget_type="text-editor.default">
				<div class="elementor-widget-container">
									<p>Tem como objetivos fomentar o conhecimento sobre o envelhecimento da população, de seu impacto na sociedade e na economia, e estimular iniciativas públicas e privadas que preparem os associados, o ambiente corporativo, a iniciativa privada e o Estado para uma sociedade mais inclusiva, com mais serviços e empreendimentos que tragam bem-estar e dignidade à população idosa, e que formem a base para um futuro sustentável para todas as gerações.</p>								</div>
				</div>
					</div>
		</div>
					</div>
		</section>
				<section class="elementor-section elementor-top-section elementor-element elementor-element-f0559dd elementor-section-boxed elementor-section-height-default elementor-section-height-default" data-id="f0559dd" data-element_type="section" data-e-type="section">
						<div class="elementor-container elementor-column-gap-default">
					<div class="elementor-column elementor-col-20 elementor-top-column elementor-element elementor-element-c2c5e23" data-id="c2c5e23" data-element_type="column" data-e-type="column">
			<div class="elementor-widget-wrap">
							</div>
		</div>
				<div class="elementor-column elementor-col-20 elementor-top-column elementor-element elementor-element-e9d74fb" data-id="e9d74fb" data-element_type="column" data-e-type="column">
			<div class="elementor-widget-wrap elementor-element-populated">
						<div class="elementor-element elementor-element-d29b05f elementor-widget__width-initial elementor-widget elementor-widget-image" data-id="d29b05f" data-element_type="widget" data-e-type="widget" data-widget_type="image.default">
				<div class="elementor-widget-container">
															<img decoding="async" src="https://acrj.org.br/wp-content/uploads/elementor/thumbs/Fernando-Potsch-renk978m3ehxhrvpx25jyp8w5uvtxmcqeapx0c614w.png" title="Fernando Potsch" alt="Fernando Potsch" loading="lazy" />															</div>
				</div>
				<div class="elementor-element elementor-element-1f90564 elementor-widget__width-initial elementor-absolute elementor-widget elementor-widget-image" data-id="1f90564" data-element_type="widget" data-e-type="widget" data-settings="{&quot;_position&quot;:&quot;absolute&quot;}" data-widget_type="image.default">
				<div class="elementor-widget-container">
															<img decoding="async" width="94" height="245" src="https://acrj.org.br/wp-content/uploads/2020/02/firula1_conselho.png" class="attachment-medium size-medium wp-image-268" alt="" />															</div>
				</div>
				<div class="elementor-element elementor-element-03f68d9 elementor-absolute conselhos elementor-widget elementor-widget-text-editor" data-id="03f68d9" data-element_type="widget" data-e-type="widget" data-settings="{&quot;_position&quot;:&quot;absolute&quot;}" data-widget_type="text-editor.default">
				<div class="elementor-widget-container">
									<h2>Fernando Potsch</h2><p>PRESIDENTE</p>								</div>
				</div>
				<div class="elementor-element elementor-element-5114449 elementor-widget elementor-widget-spacer" data-id="5114449" data-element_type="widget" data-e-type="widget" data-widget_type="spacer.default">
				<div class="elementor-widget-container">
							<div class="elementor-spacer">
			<div class="elementor-spacer-inner"></div>
		</div>
						</div>
				</div>
					</div>
		</div>
				<div class="elementor-column elementor-col-20 elementor-top-column elementor-element elementor-element-833899a" data-id="833899a" data-element_type="column" data-e-type="column">
			<div class="elementor-widget-wrap">
							</div>
		</div>
				<div class="elementor-column elementor-col-20 elementor-top-column elementor-element elementor-element-e91c4c7" data-id="e91c4c7" data-element_type="column" data-e-type="column">
			<div class="elementor-widget-wrap elementor-element-populated">
						<div class="elementor-element elementor-element-b3e3d7b elementor-widget__width-initial elementor-widget elementor-widget-image" data-id="b3e3d7b" data-element_type="widget" data-e-type="widget" data-widget_type="image.default">
				<div class="elementor-widget-container">
															<img decoding="async" src="https://acrj.org.br/wp-content/uploads/elementor/thumbs/Jose-Waldir-de-Vasconcelos-Leopercio-Junior-renk9a24nwlsglrmgldfo6j9y0hxkpnxeoodg61um8.png" title="José Waldir de Vasconcelos Leopércio Junior" alt="José Waldir de Vasconcelos Leopércio Junior" loading="lazy" />															</div>
				</div>
				<div class="elementor-element elementor-element-28c166e elementor-widget elementor-widget-spacer" data-id="28c166e" data-element_type="widget" data-e-type="widget" data-widget_type="spacer.default">
				<div class="elementor-widget-container">
							<div class="elementor-spacer">
			<div class="elementor-spacer-inner"></div>
		</div>
						</div>
				</div>
				<div class="elementor-element elementor-element-9aeb040 elementor-absolute conselhos elementor-widget elementor-widget-text-editor" data-id="9aeb040" data-element_type="widget" data-e-type="widget" data-settings="{&quot;_position&quot;:&quot;absolute&quot;}" data-widget_type="text-editor.default">
				<div class="elementor-widget-container">
									<h2>José Waldir de Vasconcelos Leopércio Junior</h2><p>Vice-Presidente</p>								</div>
				</div>
				<div class="elementor-element elementor-element-cfd706f elementor-widget__width-initial elementor-absolute elementor-widget elementor-widget-image" data-id="cfd706f" data-element_type="widget" data-e-type="widget" data-settings="{&quot;_position&quot;:&quot;absolute&quot;}" data-widget_type="image.default">
				<div class="elementor-widget-container">
															<img decoding="async" width="94" height="245" src="https://acrj.org.br/wp-content/uploads/2020/02/firula1_conselho.png" class="attachment-medium size-medium wp-image-268" alt="" />															</div>
				</div>
					</div>
		</div>
				<div class="elementor-column elementor-col-20 elementor-top-column elementor-element elementor-element-5105180" data-id="5105180" data-element_type="column" data-e-type="column">
			<div class="elementor-widget-wrap">
							</div>
		</div>
					</div>
		</section>
				<section class="elementor-section elementor-top-section elementor-element elementor-element-61db49b elementor-section-boxed elementor-section-height-default elementor-section-height-default" data-id="61db49b" data-element_type="section" data-e-type="section">
						<div class="elementor-container elementor-column-gap-default">
					<div class="elementor-column elementor-col-100 elementor-top-column elementor-element elementor-element-717b643" data-id="717b643" data-element_type="column" data-e-type="column">
			<div class="elementor-widget-wrap elementor-element-populated">
						<div class="elementor-element elementor-element-12cc460 elementor-widget elementor-widget-heading" data-id="12cc460" data-element_type="widget" data-e-type="widget" data-widget_type="heading.default">
				<div class="elementor-widget-container">
					<h2 class="elementor-heading-title elementor-size-default">MEMBROS DO CONSELHO</h2>				</div>
				</div>
				<div class="elementor-element elementor-element-0d7c60d membros elementor-widget elementor-widget-text-editor" data-id="0d7c60d" data-element_type="widget" data-e-type="widget" data-widget_type="text-editor.default">
				<div class="elementor-widget-container">
									<p>Adilson Dias Oliveira</p><p>Alexandre Chiacchio</p><p>Alexandre Craveiro Roldão</p><p>Anamar Miranda Lacerda</p><p>Beatriz Bergamini Cavalcante Gomes Coelho</p><p>Betty Dabkiewicz</p><p>Carlos Alberto Siqueira Gomes</p><p>Carlos Eduardo Saraiva Molina</p><p>Cezar Kirszenblatt</p><p>Edmundo Sergio Fornasari</p><p>Jacqueline Sertã Costa</p><p>João Paulo Pedrosa Costa</p><p>Luciana Lopes Castro e Silva Fernandez</p><p>Luis Jairo de Souza Junior</p><p>Luiz Carlos Affonso</p><p>Marcia Santos Ribeiro</p><p>Marcio Antonio de Carolis Ferretti</p><p>Mário Pereira Lopes</p><p>Marta Correia de Oliveira</p><p>Marta Maria Ferreira Arakaki</p><p>Mauricio de Souza Tavares</p><p>Mauro Wainstock</p><p>Paulo Manoel Lenz Cesar Protasio</p><p>Raul Simas de Oliveira Júnior</p><p>Tathiana Tavares Couto Baptista</p><p>Tatiana Melamed Krawczenko</p>								</div>
				</div>
					</div>
		</div>
					</div>
		</section>
				<section class="elementor-section elementor-top-section elementor-element elementor-element-2cd12ad elementor-section-boxed elementor-section-height-default elementor-section-height-default" data-id="2cd12ad" data-element_type="section" data-e-type="section">
						<div class="elementor-container elementor-column-gap-default">
					<div class="elementor-column elementor-col-100 elementor-top-column elementor-element elementor-element-032cf67" data-id="032cf67" data-element_type="column" data-e-type="column">
			<div class="elementor-widget-wrap elementor-element-populated">
						<div class="elementor-element elementor-element-6055449 elementor-widget elementor-widget-spacer" data-id="6055449" data-element_type="widget" data-e-type="widget" data-widget_type="spacer.default">
				<div class="elementor-widget-container">
							<div class="elementor-spacer">
			<div class="elementor-spacer-inner"></div>
		</div>
						</div>
				</div>
					</div>
		</div>
					</div>
		</section>
				</div>

<p>Tem como objetivos fomentar o conhecimento sobre o envelhecimento da população, de seu impacto na sociedade e na economia, e estimular iniciativas públicas e privadas&hellip;</p>
