{"id":156,"date":"2020-02-06T10:02:32","date_gmt":"2020-02-06T13:02:32","guid":{"rendered":"http:\/\/acrj2020.profissional.ws\/?page_id=156"},"modified":"2026-01-12T21:21:41","modified_gmt":"2026-01-13T00:21:41","slug":"empresarial-de-cultura","status":"publish","type":"page","link":"https:\/\/acrj.org.br\/index.php\/empresarial-de-cultura\/","title":{"rendered":"CONSELHO EMPRESARIAL DE CULTURA"},"content":{"rendered":"\t\t<div data-elementor-type=\"wp-page\" data-elementor-id=\"156\" class=\"elementor elementor-156\" data-elementor-post-type=\"page\">\n\t\t\t\t\t\t<section class=\"elementor-section elementor-top-section elementor-element elementor-element-6d313611 elementor-section-boxed elementor-section-height-default elementor-section-height-default\" data-id=\"6d313611\" data-element_type=\"section\" data-e-type=\"section\">\n\t\t\t\t\t\t<div class=\"elementor-container elementor-column-gap-default\">\n\t\t\t\t\t<div class=\"elementor-column elementor-col-100 elementor-top-column elementor-element elementor-element-24bdab51\" data-id=\"24bdab51\" data-element_type=\"column\" data-e-type=\"column\">\n\t\t\t<div class=\"elementor-widget-wrap elementor-element-populated\">\n\t\t\t\t\t\t<div class=\"elementor-element elementor-element-2ea18c02 elementor-widget elementor-widget-text-editor\" data-id=\"2ea18c02\" data-element_type=\"widget\" data-e-type=\"widget\" data-widget_type=\"text-editor.default\">\n\t\t\t\t<div class=\"elementor-widget-container\">\n\t\t\t\t\t\t\t\t\t\n<p>Tem como objetivo desenvolver estudos e pesquisas do setor cultural, em particular do munic\u00edpio e do estado, fazendo propostas objetivas para o seu desenvolvimento atrav\u00e9s da capta\u00e7\u00e3o de patroc\u00ednio do governo e das empresas.<\/p>\n\t\t\t\t\t\t\t\t<\/div>\n\t\t\t\t<\/div>\n\t\t\t\t\t<\/div>\n\t\t<\/div>\n\t\t\t\t\t<\/div>\n\t\t<\/section>\n\t\t\t\t<section class=\"elementor-section elementor-top-section elementor-element elementor-element-27b9417 elementor-section-boxed elementor-section-height-default elementor-section-height-default\" data-id=\"27b9417\" data-element_type=\"section\" data-e-type=\"section\">\n\t\t\t\t\t\t<div class=\"elementor-container elementor-column-gap-default\">\n\t\t\t\t\t<div class=\"elementor-column elementor-col-20 elementor-top-column elementor-element elementor-element-b15c090\" data-id=\"b15c090\" data-element_type=\"column\" data-e-type=\"column\">\n\t\t\t<div class=\"elementor-widget-wrap\">\n\t\t\t\t\t\t\t<\/div>\n\t\t<\/div>\n\t\t\t\t<div class=\"elementor-column elementor-col-20 elementor-top-column elementor-element elementor-element-9dd7381\" data-id=\"9dd7381\" data-element_type=\"column\" data-e-type=\"column\">\n\t\t\t<div class=\"elementor-widget-wrap elementor-element-populated\">\n\t\t\t\t\t\t<div class=\"elementor-element elementor-element-8c72dc6 elementor-widget__width-initial elementor-widget elementor-widget-image\" data-id=\"8c72dc6\" data-element_type=\"widget\" data-e-type=\"widget\" data-widget_type=\"image.default\">\n\t\t\t\t<div class=\"elementor-widget-container\">\n\t\t\t\t\t\t\t\t\t\t\t\t\t\t\t<img decoding=\"async\" src=\"https:\/\/acrj.org.br\/wp-content\/uploads\/elementor\/thumbs\/sergio_silva-qdzzu39c43lmo5elzdisre971jgo4l880lczoi4lds.jpg\" title=\"sergio_silva\" alt=\"sergio_silva\" loading=\"lazy\" \/>\t\t\t\t\t\t\t\t\t\t\t\t\t\t\t<\/div>\n\t\t\t\t<\/div>\n\t\t\t\t<div class=\"elementor-element elementor-element-50c2062 elementor-widget__width-initial elementor-absolute elementor-widget elementor-widget-image\" data-id=\"50c2062\" data-element_type=\"widget\" data-e-type=\"widget\" data-settings=\"{&quot;_position&quot;:&quot;absolute&quot;}\" data-widget_type=\"image.default\">\n\t\t\t\t<div class=\"elementor-widget-container\">\n\t\t\t\t\t\t\t\t\t\t\t\t\t\t\t<img decoding=\"async\" width=\"94\" height=\"245\" src=\"https:\/\/acrj.org.br\/wp-content\/uploads\/2020\/02\/firula1_conselho.png\" class=\"attachment-medium size-medium wp-image-268\" alt=\"\" \/>\t\t\t\t\t\t\t\t\t\t\t\t\t\t\t<\/div>\n\t\t\t\t<\/div>\n\t\t\t\t<div class=\"elementor-element elementor-element-fcfac8c elementor-absolute conselhos elementor-widget elementor-widget-text-editor\" data-id=\"fcfac8c\" data-element_type=\"widget\" data-e-type=\"widget\" data-settings=\"{&quot;_position&quot;:&quot;absolute&quot;}\" data-widget_type=\"text-editor.default\">\n\t\t\t\t<div class=\"elementor-widget-container\">\n\t\t\t\t\t\t\t\t\t<h2>SERGIO COSTA E SILVA<\/h2>\n<p>PRESIDENTE<\/p>\t\t\t\t\t\t\t\t<\/div>\n\t\t\t\t<\/div>\n\t\t\t\t<div class=\"elementor-element elementor-element-9df8a5b elementor-widget elementor-widget-spacer\" data-id=\"9df8a5b\" data-element_type=\"widget\" data-e-type=\"widget\" data-widget_type=\"spacer.default\">\n\t\t\t\t<div class=\"elementor-widget-container\">\n\t\t\t\t\t\t\t<div class=\"elementor-spacer\">\n\t\t\t<div class=\"elementor-spacer-inner\"><\/div>\n\t\t<\/div>\n\t\t\t\t\t\t<\/div>\n\t\t\t\t<\/div>\n\t\t\t\t\t<\/div>\n\t\t<\/div>\n\t\t\t\t<div class=\"elementor-column elementor-col-20 elementor-top-column elementor-element elementor-element-337ab64\" data-id=\"337ab64\" data-element_type=\"column\" data-e-type=\"column\">\n\t\t\t<div class=\"elementor-widget-wrap\">\n\t\t\t\t\t\t\t<\/div>\n\t\t<\/div>\n\t\t\t\t<div class=\"elementor-column elementor-col-20 elementor-top-column elementor-element elementor-element-8380b87\" data-id=\"8380b87\" data-element_type=\"column\" data-e-type=\"column\">\n\t\t\t<div class=\"elementor-widget-wrap elementor-element-populated\">\n\t\t\t\t\t\t<div class=\"elementor-element elementor-element-764b9bb elementor-widget__width-initial elementor-widget elementor-widget-image\" data-id=\"764b9bb\" data-element_type=\"widget\" data-e-type=\"widget\" data-widget_type=\"image.default\">\n\t\t\t\t<div class=\"elementor-widget-container\">\n\t\t\t\t\t\t\t\t\t\t\t\t\t\t\t<img decoding=\"async\" src=\"https:\/\/acrj.org.br\/wp-content\/uploads\/elementor\/thumbs\/Assuntos-culturais_vice-Reinaldo-Paes-Barreto-edited-qyen4op1ym9z4p9ijgkze4en2gyhpnj9mwoyvw49xc.jpg\" title=\"Assuntos culturais_vice Reinaldo Paes Barreto\" alt=\"Assuntos culturais_vice Reinaldo Paes Barreto\" loading=\"lazy\" \/>\t\t\t\t\t\t\t\t\t\t\t\t\t\t\t<\/div>\n\t\t\t\t<\/div>\n\t\t\t\t<div class=\"elementor-element elementor-element-365b98b elementor-widget elementor-widget-spacer\" data-id=\"365b98b\" data-element_type=\"widget\" data-e-type=\"widget\" data-widget_type=\"spacer.default\">\n\t\t\t\t<div class=\"elementor-widget-container\">\n\t\t\t\t\t\t\t<div class=\"elementor-spacer\">\n\t\t\t<div class=\"elementor-spacer-inner\"><\/div>\n\t\t<\/div>\n\t\t\t\t\t\t<\/div>\n\t\t\t\t<\/div>\n\t\t\t\t<div class=\"elementor-element elementor-element-f058731 elementor-absolute conselhos elementor-widget elementor-widget-text-editor\" data-id=\"f058731\" data-element_type=\"widget\" data-e-type=\"widget\" data-settings=\"{&quot;_position&quot;:&quot;absolute&quot;}\" data-widget_type=\"text-editor.default\">\n\t\t\t\t<div class=\"elementor-widget-container\">\n\t\t\t\t\t\t\t\t\t<h2>Reinaldo Paes Barreto<\/h2>\n<p>Vice-Presidente<\/p>\t\t\t\t\t\t\t\t<\/div>\n\t\t\t\t<\/div>\n\t\t\t\t<div class=\"elementor-element elementor-element-2f0170f elementor-widget__width-initial elementor-absolute elementor-widget elementor-widget-image\" data-id=\"2f0170f\" data-element_type=\"widget\" data-e-type=\"widget\" data-settings=\"{&quot;_position&quot;:&quot;absolute&quot;}\" data-widget_type=\"image.default\">\n\t\t\t\t<div class=\"elementor-widget-container\">\n\t\t\t\t\t\t\t\t\t\t\t\t\t\t\t<img decoding=\"async\" width=\"94\" height=\"245\" src=\"https:\/\/acrj.org.br\/wp-content\/uploads\/2020\/02\/firula1_conselho.png\" class=\"attachment-medium size-medium wp-image-268\" alt=\"\" \/>\t\t\t\t\t\t\t\t\t\t\t\t\t\t\t<\/div>\n\t\t\t\t<\/div>\n\t\t\t\t\t<\/div>\n\t\t<\/div>\n\t\t\t\t<div class=\"elementor-column elementor-col-20 elementor-top-column elementor-element elementor-element-35edbc5\" data-id=\"35edbc5\" data-element_type=\"column\" data-e-type=\"column\">\n\t\t\t<div class=\"elementor-widget-wrap\">\n\t\t\t\t\t\t\t<\/div>\n\t\t<\/div>\n\t\t\t\t\t<\/div>\n\t\t<\/section>\n\t\t\t\t<section class=\"elementor-section elementor-top-section elementor-element elementor-element-714d521 elementor-section-boxed elementor-section-height-default elementor-section-height-default\" data-id=\"714d521\" data-element_type=\"section\" data-e-type=\"section\">\n\t\t\t\t\t\t<div class=\"elementor-container elementor-column-gap-default\">\n\t\t\t\t\t<div class=\"elementor-column elementor-col-100 elementor-top-column elementor-element elementor-element-d08ff5c\" data-id=\"d08ff5c\" data-element_type=\"column\" data-e-type=\"column\">\n\t\t\t<div class=\"elementor-widget-wrap elementor-element-populated\">\n\t\t\t\t\t\t<div class=\"elementor-element elementor-element-cbfe14d elementor-widget elementor-widget-heading\" data-id=\"cbfe14d\" data-element_type=\"widget\" data-e-type=\"widget\" data-widget_type=\"heading.default\">\n\t\t\t\t<div class=\"elementor-widget-container\">\n\t\t\t\t\t<h2 class=\"elementor-heading-title elementor-size-default\">MEMBROS DO CONSELHO<\/h2>\t\t\t\t<\/div>\n\t\t\t\t<\/div>\n\t\t\t\t<div class=\"elementor-element elementor-element-3bf1864 membros elementor-widget elementor-widget-text-editor\" data-id=\"3bf1864\" data-element_type=\"widget\" data-e-type=\"widget\" data-widget_type=\"text-editor.default\">\n\t\t\t\t<div class=\"elementor-widget-container\">\n\t\t\t\t\t\t\t\t\t<p>Andr\u00e9a Lucia L\u00f6fgren<\/p>\n<p>Celina Gra\u00e7a Barreira Lopes de Farias<\/p>\n<p>Eduardo Prisco Para\u00edso Ramos<\/p>\n<p>Fernando Cariola Travassos<\/p>\n<p>Gilson Freitas de Souza<\/p>\n<p>Jacyra Lucas<\/p>\n<p>Lucy Villela Barreto Borges<\/p>\n<p>Lu\u00eds Guillermo D\u00edez Atienza<\/p>\n<p>Margareth Arag\u00e3o Damasceno<\/p>\n<p>Maria Eugenia Stein<\/p>\n<p>Maria Luiza Corker Cardoso Nobre de Almeida<\/p>\n<p>Mauro Wainstock<\/p>\n<p>Riccardo Giovanni<\/p>\n<p>Rozane Braga<\/p>\n<p>Sergio Zobaram Ferreira<\/p>\n<p>Steve Alan Solot<\/p>\n<p>Sueli Aparecida Voltarelli de Andrade<\/p>\n<p>Vanda Maria Mangia Klabin<\/p>\n<p>Vera Lucia Bottrel Tostes<\/p>\n<p>Yvonne Bezerra de Mello<\/p>\t\t\t\t\t\t\t\t<\/div>\n\t\t\t\t<\/div>\n\t\t\t\t\t<\/div>\n\t\t<\/div>\n\t\t\t\t\t<\/div>\n\t\t<\/section>\n\t\t\t\t<\/div>\n\t\t","protected":false},"excerpt":{"rendered":"<p>Tem como objetivo desenvolver estudos e pesquisas do setor cultural, em particular do munic\u00edpio e do estado, fazendo propostas objetivas para o seu desenvolvimento atrav\u00e9s&hellip;<\/p>\n","protected":false},"author":9,"featured_media":0,"parent":0,"menu_order":0,"comment_status":"closed","ping_status":"closed","template":"","meta":{"_exactmetrics_skip_tracking":false,"_exactmetrics_sitenote_active":false,"_exactmetrics_sitenote_note":"","_exactmetrics_sitenote_category":0,"footnotes":""},"class_list":["post-156","page","type-page","status-publish","hentry"],"_links":{"self":[{"href":"https:\/\/acrj.org.br\/index.php\/wp-json\/wp\/v2\/pages\/156","targetHints":{"allow":["GET"]}}],"collection":[{"href":"https:\/\/acrj.org.br\/index.php\/wp-json\/wp\/v2\/pages"}],"about":[{"href":"https:\/\/acrj.org.br\/index.php\/wp-json\/wp\/v2\/types\/page"}],"author":[{"embeddable":true,"href":"https:\/\/acrj.org.br\/index.php\/wp-json\/wp\/v2\/users\/9"}],"replies":[{"embeddable":true,"href":"https:\/\/acrj.org.br\/index.php\/wp-json\/wp\/v2\/comments?post=156"}],"version-history":[{"count":0,"href":"https:\/\/acrj.org.br\/index.php\/wp-json\/wp\/v2\/pages\/156\/revisions"}],"wp:attachment":[{"href":"https:\/\/acrj.org.br\/index.php\/wp-json\/wp\/v2\/media?parent=156"}],"curies":[{"name":"wp","href":"https:\/\/api.w.org\/{rel}","templated":true}]}}

<div data-elementor-type="wp-page" data-elementor-id="156" class="elementor elementor-156" data-elementor-post-type="page">
						<section class="elementor-section elementor-top-section elementor-element elementor-element-6d313611 elementor-section-boxed elementor-section-height-default elementor-section-height-default" data-id="6d313611" data-element_type="section" data-e-type="section">
						<div class="elementor-container elementor-column-gap-default">
					<div class="elementor-column elementor-col-100 elementor-top-column elementor-element elementor-element-24bdab51" data-id="24bdab51" data-element_type="column" data-e-type="column">
			<div class="elementor-widget-wrap elementor-element-populated">
						<div class="elementor-element elementor-element-2ea18c02 elementor-widget elementor-widget-text-editor" data-id="2ea18c02" data-element_type="widget" data-e-type="widget" data-widget_type="text-editor.default">
				<div class="elementor-widget-container">
									
<p>Tem como objetivo desenvolver estudos e pesquisas do setor cultural, em particular do município e do estado, fazendo propostas objetivas para o seu desenvolvimento através da captação de patrocínio do governo e das empresas.</p>
								</div>
				</div>
					</div>
		</div>
					</div>
		</section>
				<section class="elementor-section elementor-top-section elementor-element elementor-element-27b9417 elementor-section-boxed elementor-section-height-default elementor-section-height-default" data-id="27b9417" data-element_type="section" data-e-type="section">
						<div class="elementor-container elementor-column-gap-default">
					<div class="elementor-column elementor-col-20 elementor-top-column elementor-element elementor-element-b15c090" data-id="b15c090" data-element_type="column" data-e-type="column">
			<div class="elementor-widget-wrap">
							</div>
		</div>
				<div class="elementor-column elementor-col-20 elementor-top-column elementor-element elementor-element-9dd7381" data-id="9dd7381" data-element_type="column" data-e-type="column">
			<div class="elementor-widget-wrap elementor-element-populated">
						<div class="elementor-element elementor-element-8c72dc6 elementor-widget__width-initial elementor-widget elementor-widget-image" data-id="8c72dc6" data-element_type="widget" data-e-type="widget" data-widget_type="image.default">
				<div class="elementor-widget-container">
															<img decoding="async" src="https://acrj.org.br/wp-content/uploads/elementor/thumbs/sergio_silva-qdzzu39c43lmo5elzdisre971jgo4l880lczoi4lds.jpg" title="sergio_silva" alt="sergio_silva" loading="lazy" />															</div>
				</div>
				<div class="elementor-element elementor-element-50c2062 elementor-widget__width-initial elementor-absolute elementor-widget elementor-widget-image" data-id="50c2062" data-element_type="widget" data-e-type="widget" data-settings="{&quot;_position&quot;:&quot;absolute&quot;}" data-widget_type="image.default">
				<div class="elementor-widget-container">
															<img decoding="async" width="94" height="245" src="https://acrj.org.br/wp-content/uploads/2020/02/firula1_conselho.png" class="attachment-medium size-medium wp-image-268" alt="" />															</div>
				</div>
				<div class="elementor-element elementor-element-fcfac8c elementor-absolute conselhos elementor-widget elementor-widget-text-editor" data-id="fcfac8c" data-element_type="widget" data-e-type="widget" data-settings="{&quot;_position&quot;:&quot;absolute&quot;}" data-widget_type="text-editor.default">
				<div class="elementor-widget-container">
									<h2>SERGIO COSTA E SILVA</h2>
<p>PRESIDENTE</p>								</div>
				</div>
				<div class="elementor-element elementor-element-9df8a5b elementor-widget elementor-widget-spacer" data-id="9df8a5b" data-element_type="widget" data-e-type="widget" data-widget_type="spacer.default">
				<div class="elementor-widget-container">
							<div class="elementor-spacer">
			<div class="elementor-spacer-inner"></div>
		</div>
						</div>
				</div>
					</div>
		</div>
				<div class="elementor-column elementor-col-20 elementor-top-column elementor-element elementor-element-337ab64" data-id="337ab64" data-element_type="column" data-e-type="column">
			<div class="elementor-widget-wrap">
							</div>
		</div>
				<div class="elementor-column elementor-col-20 elementor-top-column elementor-element elementor-element-8380b87" data-id="8380b87" data-element_type="column" data-e-type="column">
			<div class="elementor-widget-wrap elementor-element-populated">
						<div class="elementor-element elementor-element-764b9bb elementor-widget__width-initial elementor-widget elementor-widget-image" data-id="764b9bb" data-element_type="widget" data-e-type="widget" data-widget_type="image.default">
				<div class="elementor-widget-container">
															<img decoding="async" src="https://acrj.org.br/wp-content/uploads/elementor/thumbs/Assuntos-culturais_vice-Reinaldo-Paes-Barreto-edited-qyen4op1ym9z4p9ijgkze4en2gyhpnj9mwoyvw49xc.jpg" title="Assuntos culturais_vice Reinaldo Paes Barreto" alt="Assuntos culturais_vice Reinaldo Paes Barreto" loading="lazy" />															</div>
				</div>
				<div class="elementor-element elementor-element-365b98b elementor-widget elementor-widget-spacer" data-id="365b98b" data-element_type="widget" data-e-type="widget" data-widget_type="spacer.default">
				<div class="elementor-widget-container">
							<div class="elementor-spacer">
			<div class="elementor-spacer-inner"></div>
		</div>
						</div>
				</div>
				<div class="elementor-element elementor-element-f058731 elementor-absolute conselhos elementor-widget elementor-widget-text-editor" data-id="f058731" data-element_type="widget" data-e-type="widget" data-settings="{&quot;_position&quot;:&quot;absolute&quot;}" data-widget_type="text-editor.default">
				<div class="elementor-widget-container">
									<h2>Reinaldo Paes Barreto</h2>
<p>Vice-Presidente</p>								</div>
				</div>
				<div class="elementor-element elementor-element-2f0170f elementor-widget__width-initial elementor-absolute elementor-widget elementor-widget-image" data-id="2f0170f" data-element_type="widget" data-e-type="widget" data-settings="{&quot;_position&quot;:&quot;absolute&quot;}" data-widget_type="image.default">
				<div class="elementor-widget-container">
															<img decoding="async" width="94" height="245" src="https://acrj.org.br/wp-content/uploads/2020/02/firula1_conselho.png" class="attachment-medium size-medium wp-image-268" alt="" />															</div>
				</div>
					</div>
		</div>
				<div class="elementor-column elementor-col-20 elementor-top-column elementor-element elementor-element-35edbc5" data-id="35edbc5" data-element_type="column" data-e-type="column">
			<div class="elementor-widget-wrap">
							</div>
		</div>
					</div>
		</section>
				<section class="elementor-section elementor-top-section elementor-element elementor-element-714d521 elementor-section-boxed elementor-section-height-default elementor-section-height-default" data-id="714d521" data-element_type="section" data-e-type="section">
						<div class="elementor-container elementor-column-gap-default">
					<div class="elementor-column elementor-col-100 elementor-top-column elementor-element elementor-element-d08ff5c" data-id="d08ff5c" data-element_type="column" data-e-type="column">
			<div class="elementor-widget-wrap elementor-element-populated">
						<div class="elementor-element elementor-element-cbfe14d elementor-widget elementor-widget-heading" data-id="cbfe14d" data-element_type="widget" data-e-type="widget" data-widget_type="heading.default">
				<div class="elementor-widget-container">
					<h2 class="elementor-heading-title elementor-size-default">MEMBROS DO CONSELHO</h2>				</div>
				</div>
				<div class="elementor-element elementor-element-3bf1864 membros elementor-widget elementor-widget-text-editor" data-id="3bf1864" data-element_type="widget" data-e-type="widget" data-widget_type="text-editor.default">
				<div class="elementor-widget-container">
									<p>Andréa Lucia Löfgren</p>
<p>Celina Graça Barreira Lopes de Farias</p>
<p>Eduardo Prisco Paraíso Ramos</p>
<p>Fernando Cariola Travassos</p>
<p>Gilson Freitas de Souza</p>
<p>Jacyra Lucas</p>
<p>Lucy Villela Barreto Borges</p>
<p>Luís Guillermo Díez Atienza</p>
<p>Margareth Aragão Damasceno</p>
<p>Maria Eugenia Stein</p>
<p>Maria Luiza Corker Cardoso Nobre de Almeida</p>
<p>Mauro Wainstock</p>
<p>Riccardo Giovanni</p>
<p>Rozane Braga</p>
<p>Sergio Zobaram Ferreira</p>
<p>Steve Alan Solot</p>
<p>Sueli Aparecida Voltarelli de Andrade</p>
<p>Vanda Maria Mangia Klabin</p>
<p>Vera Lucia Bottrel Tostes</p>
<p>Yvonne Bezerra de Mello</p>								</div>
				</div>
					</div>
		</div>
					</div>
		</section>
				</div>

<p>Tem como objetivo desenvolver estudos e pesquisas do setor cultural, em particular do município e do estado, fazendo propostas objetivas para o seu desenvolvimento através&hellip;</p>
